{"id":3943,"date":"2024-06-10T18:19:40","date_gmt":"2024-06-10T16:19:40","guid":{"rendered":"https:\/\/mosaicorefugees.org\/world-refugee-day-2024\/"},"modified":"2025-11-14T15:09:34","modified_gmt":"2025-11-14T14:09:34","slug":"world-refugee-day-2024","status":"publish","type":"page","link":"https:\/\/mosaicorefugees.org\/en\/world-refugee-day-2024\/","title":{"rendered":"World Refugee Day 2024"},"content":{"rendered":"\t\t<div data-elementor-type=\"wp-page\" data-elementor-id=\"3943\" class=\"elementor elementor-3943 elementor-2657\" data-elementor-post-type=\"page\">\n\t\t\t\t<div class=\"elementor-element elementor-element-7faec45 e-flex e-con-boxed e-con e-parent\" data-id=\"7faec45\" data-element_type=\"container\" data-e-type=\"container\">\n\t\t\t\t\t<div class=\"e-con-inner\">\n\t\t<div class=\"elementor-element elementor-element-24be54f e-con-full e-flex e-con e-child\" data-id=\"24be54f\" data-element_type=\"container\" data-e-type=\"container\">\n\t\t\t\t<div class=\"elementor-element elementor-element-554115f elementor-widget elementor-widget-image\" data-id=\"554115f\" data-element_type=\"widget\" data-e-type=\"widget\" data-settings=\"{&quot;sticky&quot;:&quot;top&quot;,&quot;sticky_on&quot;:[&quot;desktop&quot;],&quot;sticky_parent&quot;:&quot;yes&quot;,&quot;sticky_offset&quot;:0,&quot;sticky_effects_offset&quot;:0,&quot;sticky_anchor_link_offset&quot;:0}\" data-widget_type=\"image.default\">\n\t\t\t\t\t\t\t\t\t\t\t\t\t\t\t<img fetchpriority=\"high\" decoding=\"async\" width=\"731\" height=\"1024\" src=\"https:\/\/mosaicorefugees.org\/wp-content\/uploads\/2024\/06\/proposta_gmr24-731x1024.jpg\" class=\"attachment-large size-large wp-image-2671\" alt=\"\" srcset=\"https:\/\/mosaicorefugees.org\/wp-content\/uploads\/2024\/06\/proposta_gmr24-731x1024.jpg 731w, https:\/\/mosaicorefugees.org\/wp-content\/uploads\/2024\/06\/proposta_gmr24-214x300.jpg 214w, https:\/\/mosaicorefugees.org\/wp-content\/uploads\/2024\/06\/proposta_gmr24-768x1075.jpg 768w, https:\/\/mosaicorefugees.org\/wp-content\/uploads\/2024\/06\/proposta_gmr24-1097x1536.jpg 1097w, https:\/\/mosaicorefugees.org\/wp-content\/uploads\/2024\/06\/proposta_gmr24-1463x2048.jpg 1463w, https:\/\/mosaicorefugees.org\/wp-content\/uploads\/2024\/06\/proposta_gmr24-700x980.jpg 700w, https:\/\/mosaicorefugees.org\/wp-content\/uploads\/2024\/06\/proposta_gmr24-scaled.jpg 1829w\" sizes=\"(max-width: 731px) 100vw, 731px\" \/>\t\t\t\t\t\t\t\t\t\t\t\t\t\t\t<\/div>\n\t\t\t\t<\/div>\n\t\t<div class=\"elementor-element elementor-element-2ec22c8 e-con-full e-flex e-con e-child\" data-id=\"2ec22c8\" data-element_type=\"container\" data-e-type=\"container\">\n\t\t\t\t<div class=\"elementor-element elementor-element-5c64b4f elementor-widget elementor-widget-heading\" data-id=\"5c64b4f\" data-element_type=\"widget\" data-e-type=\"widget\" data-widget_type=\"heading.default\">\n\t\t\t\t\t<h2 class=\"elementor-heading-title elementor-size-default\">Program<\/h2>\t\t\t\t<\/div>\n\t\t\t\t<div class=\"elementor-element elementor-element-3b18b15 elementor-widget elementor-widget-text-editor\" data-id=\"3b18b15\" data-element_type=\"widget\" data-e-type=\"widget\" data-widget_type=\"text-editor.default\">\n\t\t\t\t\t\t\t\t\t<h3>Monday, June 17, 2024<b><br><\/b><\/h3><h4>Conference &#8220;Humanizing Institutions: a path to social empowerment and equity&#8221;<\/h4><p><em>6 p.m. at the Cecchi Point Neighborhood House (17 Antonio Cecchi Street).  <\/em>Introduces:<\/p><ul><li><strong>Colette Nijasse Meffire<\/strong>, Mosaic-Actions for Refugees Association<\/li><li><strong>Institutional Greetings, <\/strong>District 7<\/li><li><strong>H\u00e9l\u00e8ne Monjarret<\/strong>, Cecchi Point<\/li><\/ul><p>Moderator:<\/p><ul><li><strong>Berthin Nzonza<\/strong>, Mosaic Association-Actions for Refugees<\/li><\/ul><p>Speakers:<\/p><ul><li><strong>Lorenzo Trucco<\/strong>, Italian Legal Studies Association<\/li><li><strong>Roberto Bertolino<\/strong>, Frantz Fanon Association Psychologist<\/li><li><strong>Lamine Sow<\/strong>, CGIL<\/li><li><strong>Valeria Ferraris<\/strong>, University of Turin<\/li><li><strong>Paul Mayoka<\/strong>, Anthropoesis Institute Associate<\/li><li><strong>Sergio Durando<\/strong>, Pastorale Migranti of the Archdiocese of Turin<\/li><\/ul><p> <\/p><h3>Tuesday, June 18, 2024<\/h3><h4>Conference &#8220;Climate Exoduses: global challenges for a sustainable future&#8221;<\/h4><p><em>6 p.m. at the headquarters of the &#8220;Wanting the Moon&#8221; Association (16 Trivero Street)<\/em><\/p><p>Speakers:<\/p><ul><li><strong>Alberto Re<\/strong>, President of District 4<\/li><li><strong>Elisa Palazzi<\/strong>, University of Turin<\/li><li><strong>Nouhoum Traor\u00e9<\/strong>, Giguiya Association<\/li><li><strong>Luca Andreani<\/strong>, head of the Piedmont and Aosta Valley Constituency of Amnesty International<\/li><li><strong>Mohammed Ghousmane Mouhamadoune<\/strong>, NE T\u00e9n\u00e9r\u00e9 Association<\/li><li><strong>Silvana Dalmazzone<\/strong>, University of Turin<\/li><\/ul><p> <\/p><p><em>9:15 p.m.: <\/em>Following will be the screening of the film &#8220;<strong>Mudar de Vita &#8211; Libera Vita<\/strong>&#8221; (Italy, 2016, 88&#8242;, HD, color), directed by Tonino De Bernardi. The screening, organized in collaboration with the National Cinema Museum Association, narrates the experiences of some young migrants: Stella, Mary, Irene, Augusta and Vien, guests of the Tampep association in Turin. <\/p><p> <\/p><h3>Wednesday, June 19, 2024<\/h3><h4>Roundtable discussion &#8220;Refugee Students: a look toward the future&#8221;<\/h4><p><em>5 p.m. at the hall of the Waldensian House of Turin (Corso Vittorio Emanuele II, 23)<\/em><\/p><p>Moderator:<\/p><ul><li><strong>Ahmed Baali<\/strong>, Mosaic-Actions for Refugees<\/li><\/ul><p>Speakers:<\/p><ul><li><strong>Alessandro Sciullo<\/strong>, University of Turin<\/li><li><strong>Massimo Gnone<\/strong>, UNHCR Integration Associate<\/li><li><strong>Shakofa Barakzi<\/strong>, founder and director of international operations of Mother International Institute of Education<\/li><li><strong>Ulrich Stege<\/strong>, Migrants&#8217; Rights Clinic of International University College<\/li><li><strong>Anita Neri<\/strong>, Ciac Onlus &#8211; Community Matching<\/li><li><strong>Abdul Razaq Bashardost<\/strong>, Ciac Onlus &#8211; Community Matching<br>Refugee students, including <strong>Zamarod Khademi, Anastasiia Mazchenko, Fatima Bozorgmehr Ahmadi, Atefe Rezaei, Azizullah Khaloonezhad<\/strong>.<\/li><\/ul><p>Followed by an <strong>aperitif <\/strong>by <strong>CIAC Onlus &#8211; Community Matching Program<\/strong>.<\/p><p> <\/p><h3>Thursday, June 20, 2024<\/h3><h4><b><\/b>Institutional Commemoration of World Refugee Day<\/h4><p><em>11:00 a.m. at the Red Room at City Hall Square, 1<\/em><\/p><p>Reservation required at <a href=\"https:\/\/www.eventbrite.it\/e\/giornata-mondiale-del-rifugiato-celebrazioni-in-sala-rossa-tickets-922945744567\" target=\"_blank\" rel=\"noopener\"><strong>link<\/strong><\/a><\/p><p>Speakers:<\/p><ul><li><strong>Maria Grazia Grippo<\/strong>, President of the City Council<\/li><li><strong>Jacopo Rosatelli<\/strong>, councillor for social policies.<\/li><li><strong>Abdullahi Ahmed Abdullahi<\/strong>, chairman of the Segre Commission.<\/li><li><strong>Massimo Gnone<\/strong>, UNHCR Integration Associate<\/li><li><strong>Ruth Ketsia Kiyindou<\/strong>, Mosaic-Actions for Refugees<\/li><li><strong>Berthin Nzonza<\/strong>, Mosaic-Actions for Refugees.<\/li><li><strong>Nouhoum Traor\u00e9<\/strong>, Giguiya Association<\/li><li><strong>Rania Alakabani<\/strong>, Syrian Community<\/li><li><strong>Mustafa Ahmadi<\/strong>, Afghan Community<\/li><li><strong>Ishak Ali Alhamdou<\/strong>, NE T\u00e9n\u00e9r\u00e9 Association<\/li><li><strong>Marie-jeanne Balagizi<\/strong>, Democratic Republic of Congo Community.<\/li><\/ul><p>to follow: <strong>Workshop &#8220;PartecipAtion&#8221; &#8211; Facilitated by Mosaico Association, in collaboration with Intersos Italy <\/strong>(Event reserved for migrant, refugee and community associations)<\/p><p> <\/p><p><em>2:30-5:30 p.m. at Dar Al Hikma Cultural Center (Gianfrancesco Fiochetto Street, 15) &#8211; <\/em>followed by <strong>&#8220;Feeling at Home <\/strong>&#8221; <strong>social dinner <\/strong> <\/p><p><em>5:00 p.m. at the Dar Al Hikma Cultural Center (Gianfrancesco Fiochetto Street, 15)<\/em><\/p><p>Speakers:<\/p><ul><li><strong>Carolina Guercio<\/strong>, Lavazza Foundations projects Coordination Specialist<\/li><\/ul><p>Presentation of the book &#8220;Among Bitter Lands. Eleven crossings plus two&#8221; by author <strong>Kasem Mohamed Ibrahim<\/strong>, edited by <strong>Federica Altieri<\/strong>, <strong>Maurizio Dematteis<\/strong>, <strong>Marcella Rodino<\/strong>. Moderator: <strong>Hanane Mountassir<\/strong>, Mosaic-Actions for Refugees. <\/p><p><strong>Award ceremony for the competition<\/strong> to support the artistic talent of refugees &#8220;To my dreams I do not give up&#8221; and exhibition of works.<\/p><p><strong>Performance by artists<\/strong> <strong>Paula Doyle Fraschia<\/strong> and <strong>Barbara Yattara<\/strong>, IUC&#8217;s Migrants Rights Clinic.<\/p><p>Reservations at the <a href=\"https:\/\/www.eventbrite.it\/e\/biglietti-giornata-mondiale-del-rifugiato-cena-sociale-922957369337\" target=\"_blank\" rel=\"noopener\">link<\/a><\/p><p> <\/p><h3>Friday, June 21<\/h3><h4>Closing conference of the project &#8220;U P E C &#8211; European Popular University for Mediation activities&#8221;<\/h4><p><em>10 a.m. at the University of Turin (Lungo Dora Siena, 100), lecture hall Aula B3<\/em><\/p><p>Reservation required at <a href=\"https:\/\/www.eventbrite.it\/e\/giornata-mondiale-del-rifugiato-seminario-conclusivo-upec-tickets-922962083437\" target=\"_blank\" rel=\"noopener\">link<\/a><\/p><p><em>9:30 a.m. &#8211; registration of participants<\/em><\/p><p><em>10.00 &#8211; Institutional Greetings<\/em><br><strong>Barbara Sorgoni<\/strong>, Lecturer in Cultural Anthropology, University of Turin &#8211; DCPS,<br><strong>Maria Grazia Grippo<\/strong>, President of the City Council of the City of Turin<br><strong>Maurizio Pia<\/strong>, Director of the Social Inclusion Division &#8211; Department of Social, Socio<br>Health and Housing Services of the City of Turin<br><strong>Andr\u00e9 Moisin<\/strong>, President of the European Association for Social Mediation CreE.A.<br><strong>Berthin Nzonza<\/strong>, Director of the Association Mosaico &#8211; Azioni per i Rifugiati<\/p><p>10.30 &#8211; <strong>Mediation and Interculture<\/strong>: the experience of Fundaci\u00f3n Sevilla Acoge (Spain), Manuel Vicente<br>10.50 &#8211; <strong>Mediation and Citizenship<\/strong>: <strong>the experience of OPTIMA (France)<\/strong>, Freddy Demba<br>Telo and Houari Daoudi<br>11.10 &#8211; <strong>Mediation and school context<\/strong>:<strong> the experience of the University of Lusofona in Porto (Portugal)<\/strong>, Elisabete Pinto Costa<br>11.30 &#8211; <strong>City mediation: the experience of EGREGOROS (Belgium)<\/strong>, Jean Claude Kawaya<br>11.50 &#8211; <strong>Restorative justice an opportunity for social mediation?<\/strong>Monica Delmonte, Coordinator of the Center for Restorative Justice in <strong>Turin<\/strong><br>12.10 &#8211; <strong>Social mediation and the Turin context<\/strong>, Mosaico Association &#8211; Azioni per i Rifugiati, Elisabetta Svolacchia<\/p><p>12:30 p.m. &#8211; <strong>Debate<\/strong><\/p><p>12.45 &#8211; <strong>Conclusions<\/strong> by <strong>Giovanni Ghibaudi<\/strong>, European Association for Social Mediation CreE.A.<\/p><p>to follow<\/p><p><em>2 p.m. at the Servizio Stranieri &#8211; Spazio Comune (Via Bologna, 49)<\/em><\/p><p><strong>Dialogue between local institutions and refugee and migrant associations in Italy<\/strong><\/p><p>(Event reserved for migrant, refugee and community associations participating in the workshop on 20\/06)<\/p><p><strong>Saturday, June 22<\/strong><\/p><p><strong>Roundtable Discussion &#8220;Migrant Communities and Mutualism on the Ground&#8221;<\/strong><\/p><p><em>5 p.m. at the San Salvario Neighborhood House (Via Oddino Morgari, 14)<\/em><\/p><p>Speakers:<\/p><p><strong>Abdullahi Ahmed Abdullahi<\/strong>, Chairman of the Council Committee on Countering Intolerance and Racism<br><strong>Lucia Bianco<\/strong>, Gruppo Abele<br><strong>Assem Alakabani<\/strong>, Syrian Community<br><strong>Djigui Tounkara<\/strong>, Giguiya Association<br> Mamane<strong>Lamine Sidi<\/strong>, NE T\u00e9n\u00e9r\u00e9 Association<br><strong>Hamdi Ali Farah<\/strong>, Mosaic-Actions for Refugees<br> Bubacarr<strong>Sillah<\/strong>, Gambian Association Turin<br><strong>Faiz Alam Khan<\/strong>, Pakistani Community of Turin<\/p><p>Followed by <strong>closing aperitif<\/strong>.<\/p>\t\t\t\t\t\t\t\t<\/div>\n\t\t\t\t<\/div>\n\t\t\t\t\t<\/div>\n\t\t\t\t<\/div>\n\t\t\t\t<\/div>\n\t\t","protected":false},"excerpt":{"rendered":"<p>Not a single event, but a widespread calendar of initiatives across the city involving refugees, citizens, institutions, schools, universities, cultural and social bodies.<\/p>\n","protected":false},"author":1,"featured_media":0,"parent":0,"menu_order":0,"comment_status":"closed","ping_status":"closed","template":"","meta":{"footnotes":""},"class_list":["post-3943","page","type-page","status-publish","hentry"],"_links":{"self":[{"href":"https:\/\/mosaicorefugees.org\/en\/wp-json\/wp\/v2\/pages\/3943","targetHints":{"allow":["GET"]}}],"collection":[{"href":"https:\/\/mosaicorefugees.org\/en\/wp-json\/wp\/v2\/pages"}],"about":[{"href":"https:\/\/mosaicorefugees.org\/en\/wp-json\/wp\/v2\/types\/page"}],"author":[{"embeddable":true,"href":"https:\/\/mosaicorefugees.org\/en\/wp-json\/wp\/v2\/users\/1"}],"replies":[{"embeddable":true,"href":"https:\/\/mosaicorefugees.org\/en\/wp-json\/wp\/v2\/comments?post=3943"}],"version-history":[{"count":3,"href":"https:\/\/mosaicorefugees.org\/en\/wp-json\/wp\/v2\/pages\/3943\/revisions"}],"predecessor-version":[{"id":4357,"href":"https:\/\/mosaicorefugees.org\/en\/wp-json\/wp\/v2\/pages\/3943\/revisions\/4357"}],"wp:attachment":[{"href":"https:\/\/mosaicorefugees.org\/en\/wp-json\/wp\/v2\/media?parent=3943"}],"curies":[{"name":"wp","href":"https:\/\/api.w.org\/{rel}","templated":true}]}}

<div data-elementor-type="wp-page" data-elementor-id="3943" class="elementor elementor-3943 elementor-2657" data-elementor-post-type="page">
				<div class="elementor-element elementor-element-7faec45 e-flex e-con-boxed e-con e-parent" data-id="7faec45" data-element_type="container" data-e-type="container">
					<div class="e-con-inner">
		<div class="elementor-element elementor-element-24be54f e-con-full e-flex e-con e-child" data-id="24be54f" data-element_type="container" data-e-type="container">
				<div class="elementor-element elementor-element-554115f elementor-widget elementor-widget-image" data-id="554115f" data-element_type="widget" data-e-type="widget" data-settings="{&quot;sticky&quot;:&quot;top&quot;,&quot;sticky_on&quot;:[&quot;desktop&quot;],&quot;sticky_parent&quot;:&quot;yes&quot;,&quot;sticky_offset&quot;:0,&quot;sticky_effects_offset&quot;:0,&quot;sticky_anchor_link_offset&quot;:0}" data-widget_type="image.default">
															<img fetchpriority="high" decoding="async" width="731" height="1024" src="https://mosaicorefugees.org/wp-content/uploads/2024/06/proposta_gmr24-731x1024.jpg" class="attachment-large size-large wp-image-2671" alt="" srcset="https://mosaicorefugees.org/wp-content/uploads/2024/06/proposta_gmr24-731x1024.jpg 731w, https://mosaicorefugees.org/wp-content/uploads/2024/06/proposta_gmr24-214x300.jpg 214w, https://mosaicorefugees.org/wp-content/uploads/2024/06/proposta_gmr24-768x1075.jpg 768w, https://mosaicorefugees.org/wp-content/uploads/2024/06/proposta_gmr24-1097x1536.jpg 1097w, https://mosaicorefugees.org/wp-content/uploads/2024/06/proposta_gmr24-1463x2048.jpg 1463w, https://mosaicorefugees.org/wp-content/uploads/2024/06/proposta_gmr24-700x980.jpg 700w, https://mosaicorefugees.org/wp-content/uploads/2024/06/proposta_gmr24-scaled.jpg 1829w" sizes="(max-width: 731px) 100vw, 731px" />															</div>
				</div>
		<div class="elementor-element elementor-element-2ec22c8 e-con-full e-flex e-con e-child" data-id="2ec22c8" data-element_type="container" data-e-type="container">
				<div class="elementor-element elementor-element-5c64b4f elementor-widget elementor-widget-heading" data-id="5c64b4f" data-element_type="widget" data-e-type="widget" data-widget_type="heading.default">
					<h2 class="elementor-heading-title elementor-size-default">Program</h2>				</div>
				<div class="elementor-element elementor-element-3b18b15 elementor-widget elementor-widget-text-editor" data-id="3b18b15" data-element_type="widget" data-e-type="widget" data-widget_type="text-editor.default">
									<h3>Monday, June 17, 2024<b><br></b></h3><h4>Conference &#8220;Humanizing Institutions: a path to social empowerment and equity&#8221;</h4><p><em>6 p.m. at the Cecchi Point Neighborhood House (17 Antonio Cecchi Street).  </em>Introduces:</p><ul><li><strong>Colette Nijasse Meffire</strong>, Mosaic-Actions for Refugees Association</li><li><strong>Institutional Greetings, </strong>District 7</li><li><strong>Hélène Monjarret</strong>, Cecchi Point</li></ul><p>Moderator:</p><ul><li><strong>Berthin Nzonza</strong>, Mosaic Association-Actions for Refugees</li></ul><p>Speakers:</p><ul><li><strong>Lorenzo Trucco</strong>, Italian Legal Studies Association</li><li><strong>Roberto Bertolino</strong>, Frantz Fanon Association Psychologist</li><li><strong>Lamine Sow</strong>, CGIL</li><li><strong>Valeria Ferraris</strong>, University of Turin</li><li><strong>Paul Mayoka</strong>, Anthropoesis Institute Associate</li><li><strong>Sergio Durando</strong>, Pastorale Migranti of the Archdiocese of Turin</li></ul><p> </p><h3>Tuesday, June 18, 2024</h3><h4>Conference &#8220;Climate Exoduses: global challenges for a sustainable future&#8221;</h4><p><em>6 p.m. at the headquarters of the &#8220;Wanting the Moon&#8221; Association (16 Trivero Street)</em></p><p>Speakers:</p><ul><li><strong>Alberto Re</strong>, President of District 4</li><li><strong>Elisa Palazzi</strong>, University of Turin</li><li><strong>Nouhoum Traoré</strong>, Giguiya Association</li><li><strong>Luca Andreani</strong>, head of the Piedmont and Aosta Valley Constituency of Amnesty International</li><li><strong>Mohammed Ghousmane Mouhamadoune</strong>, NE Ténéré Association</li><li><strong>Silvana Dalmazzone</strong>, University of Turin</li></ul><p> </p><p><em>9:15 p.m.: </em>Following will be the screening of the film &#8220;<strong>Mudar de Vita &#8211; Libera Vita</strong>&#8221; (Italy, 2016, 88&#8242;, HD, color), directed by Tonino De Bernardi. The screening, organized in collaboration with the National Cinema Museum Association, narrates the experiences of some young migrants: Stella, Mary, Irene, Augusta and Vien, guests of the Tampep association in Turin. </p><p> </p><h3>Wednesday, June 19, 2024</h3><h4>Roundtable discussion &#8220;Refugee Students: a look toward the future&#8221;</h4><p><em>5 p.m. at the hall of the Waldensian House of Turin (Corso Vittorio Emanuele II, 23)</em></p><p>Moderator:</p><ul><li><strong>Ahmed Baali</strong>, Mosaic-Actions for Refugees</li></ul><p>Speakers:</p><ul><li><strong>Alessandro Sciullo</strong>, University of Turin</li><li><strong>Massimo Gnone</strong>, UNHCR Integration Associate</li><li><strong>Shakofa Barakzi</strong>, founder and director of international operations of Mother International Institute of Education</li><li><strong>Ulrich Stege</strong>, Migrants&#8217; Rights Clinic of International University College</li><li><strong>Anita Neri</strong>, Ciac Onlus &#8211; Community Matching</li><li><strong>Abdul Razaq Bashardost</strong>, Ciac Onlus &#8211; Community Matching<br>Refugee students, including <strong>Zamarod Khademi, Anastasiia Mazchenko, Fatima Bozorgmehr Ahmadi, Atefe Rezaei, Azizullah Khaloonezhad</strong>.</li></ul><p>Followed by an <strong>aperitif </strong>by <strong>CIAC Onlus &#8211; Community Matching Program</strong>.</p><p> </p><h3>Thursday, June 20, 2024</h3><h4><b></b>Institutional Commemoration of World Refugee Day</h4><p><em>11:00 a.m. at the Red Room at City Hall Square, 1</em></p><p>Reservation required at <a href="https://www.eventbrite.it/e/giornata-mondiale-del-rifugiato-celebrazioni-in-sala-rossa-tickets-922945744567" target="_blank" rel="noopener"><strong>link</strong></a></p><p>Speakers:</p><ul><li><strong>Maria Grazia Grippo</strong>, President of the City Council</li><li><strong>Jacopo Rosatelli</strong>, councillor for social policies.</li><li><strong>Abdullahi Ahmed Abdullahi</strong>, chairman of the Segre Commission.</li><li><strong>Massimo Gnone</strong>, UNHCR Integration Associate</li><li><strong>Ruth Ketsia Kiyindou</strong>, Mosaic-Actions for Refugees</li><li><strong>Berthin Nzonza</strong>, Mosaic-Actions for Refugees.</li><li><strong>Nouhoum Traoré</strong>, Giguiya Association</li><li><strong>Rania Alakabani</strong>, Syrian Community</li><li><strong>Mustafa Ahmadi</strong>, Afghan Community</li><li><strong>Ishak Ali Alhamdou</strong>, NE Ténéré Association</li><li><strong>Marie-jeanne Balagizi</strong>, Democratic Republic of Congo Community.</li></ul><p>to follow: <strong>Workshop &#8220;PartecipAtion&#8221; &#8211; Facilitated by Mosaico Association, in collaboration with Intersos Italy </strong>(Event reserved for migrant, refugee and community associations)</p><p> </p><p><em>2:30-5:30 p.m. at Dar Al Hikma Cultural Center (Gianfrancesco Fiochetto Street, 15) &#8211; </em>followed by <strong>&#8220;Feeling at Home </strong>&#8221; <strong>social dinner </strong> </p><p><em>5:00 p.m. at the Dar Al Hikma Cultural Center (Gianfrancesco Fiochetto Street, 15)</em></p><p>Speakers:</p><ul><li><strong>Carolina Guercio</strong>, Lavazza Foundations projects Coordination Specialist</li></ul><p>Presentation of the book &#8220;Among Bitter Lands. Eleven crossings plus two&#8221; by author <strong>Kasem Mohamed Ibrahim</strong>, edited by <strong>Federica Altieri</strong>, <strong>Maurizio Dematteis</strong>, <strong>Marcella Rodino</strong>. Moderator: <strong>Hanane Mountassir</strong>, Mosaic-Actions for Refugees. </p><p><strong>Award ceremony for the competition</strong> to support the artistic talent of refugees &#8220;To my dreams I do not give up&#8221; and exhibition of works.</p><p><strong>Performance by artists</strong> <strong>Paula Doyle Fraschia</strong> and <strong>Barbara Yattara</strong>, IUC&#8217;s Migrants Rights Clinic.</p><p>Reservations at the <a href="https://www.eventbrite.it/e/biglietti-giornata-mondiale-del-rifugiato-cena-sociale-922957369337" target="_blank" rel="noopener">link</a></p><p> </p><h3>Friday, June 21</h3><h4>Closing conference of the project &#8220;U P E C &#8211; European Popular University for Mediation activities&#8221;</h4><p><em>10 a.m. at the University of Turin (Lungo Dora Siena, 100), lecture hall Aula B3</em></p><p>Reservation required at <a href="https://www.eventbrite.it/e/giornata-mondiale-del-rifugiato-seminario-conclusivo-upec-tickets-922962083437" target="_blank" rel="noopener">link</a></p><p><em>9:30 a.m. &#8211; registration of participants</em></p><p><em>10.00 &#8211; Institutional Greetings</em><br><strong>Barbara Sorgoni</strong>, Lecturer in Cultural Anthropology, University of Turin &#8211; DCPS,<br><strong>Maria Grazia Grippo</strong>, President of the City Council of the City of Turin<br><strong>Maurizio Pia</strong>, Director of the Social Inclusion Division &#8211; Department of Social, Socio<br>Health and Housing Services of the City of Turin<br><strong>André Moisin</strong>, President of the European Association for Social Mediation CreE.A.<br><strong>Berthin Nzonza</strong>, Director of the Association Mosaico &#8211; Azioni per i Rifugiati</p><p>10.30 &#8211; <strong>Mediation and Interculture</strong>: the experience of Fundación Sevilla Acoge (Spain), Manuel Vicente<br>10.50 &#8211; <strong>Mediation and Citizenship</strong>: <strong>the experience of OPTIMA (France)</strong>, Freddy Demba<br>Telo and Houari Daoudi<br>11.10 &#8211; <strong>Mediation and school context</strong>:<strong> the experience of the University of Lusofona in Porto (Portugal)</strong>, Elisabete Pinto Costa<br>11.30 &#8211; <strong>City mediation: the experience of EGREGOROS (Belgium)</strong>, Jean Claude Kawaya<br>11.50 &#8211; <strong>Restorative justice an opportunity for social mediation?</strong>Monica Delmonte, Coordinator of the Center for Restorative Justice in <strong>Turin</strong><br>12.10 &#8211; <strong>Social mediation and the Turin context</strong>, Mosaico Association &#8211; Azioni per i Rifugiati, Elisabetta Svolacchia</p><p>12:30 p.m. &#8211; <strong>Debate</strong></p><p>12.45 &#8211; <strong>Conclusions</strong> by <strong>Giovanni Ghibaudi</strong>, European Association for Social Mediation CreE.A.</p><p>to follow</p><p><em>2 p.m. at the Servizio Stranieri &#8211; Spazio Comune (Via Bologna, 49)</em></p><p><strong>Dialogue between local institutions and refugee and migrant associations in Italy</strong></p><p>(Event reserved for migrant, refugee and community associations participating in the workshop on 20/06)</p><p><strong>Saturday, June 22</strong></p><p><strong>Roundtable Discussion &#8220;Migrant Communities and Mutualism on the Ground&#8221;</strong></p><p><em>5 p.m. at the San Salvario Neighborhood House (Via Oddino Morgari, 14)</em></p><p>Speakers:</p><p><strong>Abdullahi Ahmed Abdullahi</strong>, Chairman of the Council Committee on Countering Intolerance and Racism<br><strong>Lucia Bianco</strong>, Gruppo Abele<br><strong>Assem Alakabani</strong>, Syrian Community<br><strong>Djigui Tounkara</strong>, Giguiya Association<br> Mamane<strong>Lamine Sidi</strong>, NE Ténéré Association<br><strong>Hamdi Ali Farah</strong>, Mosaic-Actions for Refugees<br> Bubacarr<strong>Sillah</strong>, Gambian Association Turin<br><strong>Faiz Alam Khan</strong>, Pakistani Community of Turin</p><p>Followed by <strong>closing aperitif</strong>.</p>								</div>
				</div>
					</div>
				</div>
				</div>
