{"id":1277,"date":"2019-12-09T14:39:02","date_gmt":"2019-12-09T13:39:02","guid":{"rendered":"https:\/\/mosaicorefugees.org\/gmr_2019\/"},"modified":"2025-11-03T15:09:03","modified_gmt":"2025-11-03T14:09:03","slug":"gmr_2019","status":"publish","type":"page","link":"https:\/\/mosaicorefugees.org\/fr\/gmr_2019\/","title":{"rendered":"Journ\u00e9e mondiale des r\u00e9fugi\u00e9s 2019"},"content":{"rendered":"\t\t<div data-elementor-type=\"wp-page\" data-elementor-id=\"1277\" class=\"elementor elementor-1277 elementor-1263\" data-elementor-post-type=\"page\">\n\t\t\t\t<div class=\"elementor-element elementor-element-6ac23ac e-flex e-con-boxed e-con e-parent\" data-id=\"6ac23ac\" data-element_type=\"container\" data-e-type=\"container\">\n\t\t\t\t\t<div class=\"e-con-inner\">\n\t\t<div class=\"elementor-element elementor-element-da85492 e-con-full e-flex e-con e-child\" data-id=\"da85492\" data-element_type=\"container\" data-e-type=\"container\">\n\t\t\t\t<div class=\"elementor-element elementor-element-4838f62 elementor-widget elementor-widget-image\" data-id=\"4838f62\" data-element_type=\"widget\" data-e-type=\"widget\" data-settings=\"{&quot;sticky&quot;:&quot;top&quot;,&quot;sticky_on&quot;:[&quot;desktop&quot;],&quot;sticky_parent&quot;:&quot;yes&quot;,&quot;sticky_offset&quot;:0,&quot;sticky_effects_offset&quot;:0,&quot;sticky_anchor_link_offset&quot;:0}\" data-widget_type=\"image.default\">\n\t\t\t\t\t\t\t\t\t\t\t\t\t\t\t<img fetchpriority=\"high\" decoding=\"async\" width=\"732\" height=\"1024\" src=\"https:\/\/mosaicorefugees.org\/wp-content\/uploads\/2019\/12\/locandina_2019-732x1024.jpg\" class=\"attachment-large size-large wp-image-1267\" alt=\"\" srcset=\"https:\/\/mosaicorefugees.org\/wp-content\/uploads\/2019\/12\/locandina_2019-732x1024.jpg 732w, https:\/\/mosaicorefugees.org\/wp-content\/uploads\/2019\/12\/locandina_2019-215x300.jpg 215w, https:\/\/mosaicorefugees.org\/wp-content\/uploads\/2019\/12\/locandina_2019-768x1074.jpg 768w, https:\/\/mosaicorefugees.org\/wp-content\/uploads\/2019\/12\/locandina_2019-700x979.jpg 700w, https:\/\/mosaicorefugees.org\/wp-content\/uploads\/2019\/12\/locandina_2019.jpg 1134w\" sizes=\"(max-width: 732px) 100vw, 732px\" \/>\t\t\t\t\t\t\t\t\t\t\t\t\t\t\t<\/div>\n\t\t\t\t<\/div>\n\t\t<div class=\"elementor-element elementor-element-16e3033 e-con-full e-flex e-con e-child\" data-id=\"16e3033\" data-element_type=\"container\" data-e-type=\"container\">\n\t\t\t\t<div class=\"elementor-element elementor-element-b20e373 elementor-widget elementor-widget-heading\" data-id=\"b20e373\" data-element_type=\"widget\" data-e-type=\"widget\" data-widget_type=\"heading.default\">\n\t\t\t\t\t<h2 class=\"elementor-heading-title elementor-size-default\">Programme<\/h2>\t\t\t\t<\/div>\n\t\t\t\t<div class=\"elementor-element elementor-element-d0d7b1f elementor-widget elementor-widget-text-editor\" data-id=\"d0d7b1f\" data-element_type=\"widget\" data-e-type=\"widget\" data-widget_type=\"text-editor.default\">\n\t\t\t\t\t\t\t\t\t<p><strong>JEUDI 20 JUIN 2019 &#8211; 9h00<\/strong><br>MUSEO EGIZIO, Via Accademia delle Scienze, 6 &#8211; Turin<\/p><p>INSCRIPTION ET CAF\u00c9 DE BIENVENUE<\/p><p><strong>SALUTATIONS INSTITUTIONALENALES<\/strong><\/p><p><strong>SESSION I : <\/strong>Inclusion des r\u00e9fugi\u00e9s, une perspective locale. Bonnes pratiques et d\u00e9fis en Italie du Nord [EN\/IT]. <\/p><ul><li>Mod\u00e9rateur : Catherine Woollard, ECRE<\/li><li>Paolo Naso &#8211; Universit\u00e9 La Sapienza de Rome<\/li><li>Chiara Marchetti &#8211; Universit\u00e9 de Milan<\/li><\/ul><p> <\/p><p><strong>SESSION II : <\/strong>L&rsquo;inclusion des r\u00e9fugi\u00e9s, une perspective des b\u00e9n\u00e9ficiaires de la protection internationale. Table ronde de protagonistes r\u00e9fugi\u00e9s : <\/p><ul><li>Abdullahi Ahmed (Bridge Generation),<\/li><li>Tareke Brhane (Comit\u00e9 du 3 octobre),<\/li><li>Syed Hasnain (UNIRE),<\/li><li>Halah Alawlaqi (journaliste ind\u00e9pendante et militante des droits de l&rsquo;homme au Y\u00e9men).<\/li><li>Pr\u00e9sentation de la campagne \u00ab\u00a0Io Accolgo<\/li><li>Diego Montemagno (Non Solo Asilo Coordination)<\/li><\/ul><p> <\/p><p><strong>SESSION III &#8211; PROSPECTIVE EUROPEENNE : <\/strong>Inclusion des r\u00e9fugi\u00e9s en Europe et au-del\u00e0. Bonnes pratiques et d\u00e9fis [EN\/IT]. <\/p><ul><li>Mod\u00e9rateur : Ana Vega, Senior<\/li><li>Officier de protection, HCR<\/li><li>Catherine Woollard &#8211; Secr\u00e9taire g\u00e9n\u00e9rale ECRE, \u00c9valuation critique de la l\u00e9gislation et des politiques de l&rsquo;UE dans le domaine de l&rsquo;inclusion des r\u00e9fugi\u00e9s<\/li><li>Desislava Ivanova &#8211; Charg\u00e9e de mission, UNHCR RREUA, Priorit\u00e9s du HCR pour la protection et l&rsquo;int\u00e9gration des r\u00e9fugi\u00e9s<\/li><\/ul><p>L&rsquo;accent est mis sur l&rsquo;int\u00e9gration des r\u00e9fugi\u00e9s :<\/p><ul><li>Jesus Tolmo Garcia &#8211; Fondation CEPAIM, Perspective d&rsquo;un pays avec un grand nombre d&rsquo;arriv\u00e9es : l&rsquo;Espagne<\/li><li>Safa Karatas &#8211; MUDEM, Perspective du plus grand pays cible : la Turquie.<\/li><\/ul><p> <\/p><p><strong>D\u00c9JEUNER :<\/strong> DES R\u00c9FUGI\u00c9S DANS LA CUISINE<\/p><p><strong>FLASH MOB &lsquo;RIGHTS<\/strong> &lsquo; &#8211; Association Almaterra Turin<\/p><p><strong>ATELIERS<\/strong><br>Partager les bonnes pratiques [EN]<br><strong>Atelier 1 :<\/strong> Int\u00e9gration : Accueil et acc\u00e8s au march\u00e9 du travail et du logement<br>Coordinateur : Najib Obaid Babakherkhail &#8211; Conseil fran\u00e7ais pour les r\u00e9fugi\u00e9s (France)<br><strong>Atelier 2 :<\/strong> Inclusion : Innovation dans l&rsquo;inclusion sociale<br>Coordinateur : Neil Falzon &#8211; Fondation ADITUS (Malte)<br><strong>Atelier 3 :<\/strong> Participation : Empowerment et plaidoyer<br>Coordinateur : Paula Lopez Moreno &#8211; ACCEM (Espagne)<\/p><p><strong>CONCLUSIONS ET CL\u00d4TURE DES TRAVAUX<\/strong><br>Yagoub Kibeida &#8211; Directeur ex\u00e9cutif MOSAICO &#8211; Actions pour les r\u00e9fugi\u00e9s<br>Massimo Gnone &#8211; Expert en int\u00e9gration UNHCR<\/p><p><strong>\u00c9V\u00c9NEMENT SOCIAL<\/strong><br>Maison du quartier San Salvario (Via Morgari, 14 &#8211; Turin)<\/p>\t\t\t\t\t\t\t\t<\/div>\n\t\t\t\t<\/div>\n\t\t\t\t\t<\/div>\n\t\t\t\t<\/div>\n\t\t\t\t<\/div>\n\t\t","protected":false},"excerpt":{"rendered":"<p>Il ne s&rsquo;agit pas d&rsquo;un \u00e9v\u00e9nement unique, mais d&rsquo;un vaste calendrier d&rsquo;initiatives dans toute la ville, impliquant des r\u00e9fugi\u00e9s, des citoyens, des institutions, des \u00e9coles, des universit\u00e9s, des organismes culturels et sociaux.<\/p>\n","protected":false},"author":1,"featured_media":2403,"parent":0,"menu_order":0,"comment_status":"closed","ping_status":"closed","template":"","meta":{"footnotes":""},"class_list":["post-1277","page","type-page","status-publish","has-post-thumbnail","hentry"],"_links":{"self":[{"href":"https:\/\/mosaicorefugees.org\/fr\/wp-json\/wp\/v2\/pages\/1277","targetHints":{"allow":["GET"]}}],"collection":[{"href":"https:\/\/mosaicorefugees.org\/fr\/wp-json\/wp\/v2\/pages"}],"about":[{"href":"https:\/\/mosaicorefugees.org\/fr\/wp-json\/wp\/v2\/types\/page"}],"author":[{"embeddable":true,"href":"https:\/\/mosaicorefugees.org\/fr\/wp-json\/wp\/v2\/users\/1"}],"replies":[{"embeddable":true,"href":"https:\/\/mosaicorefugees.org\/fr\/wp-json\/wp\/v2\/comments?post=1277"}],"version-history":[{"count":10,"href":"https:\/\/mosaicorefugees.org\/fr\/wp-json\/wp\/v2\/pages\/1277\/revisions"}],"predecessor-version":[{"id":3871,"href":"https:\/\/mosaicorefugees.org\/fr\/wp-json\/wp\/v2\/pages\/1277\/revisions\/3871"}],"wp:featuredmedia":[{"embeddable":true,"href":"https:\/\/mosaicorefugees.org\/fr\/wp-json\/wp\/v2\/media\/2403"}],"wp:attachment":[{"href":"https:\/\/mosaicorefugees.org\/fr\/wp-json\/wp\/v2\/media?parent=1277"}],"curies":[{"name":"wp","href":"https:\/\/api.w.org\/{rel}","templated":true}]}}

Journée mondiale des réfugiés 2019

<div data-elementor-type="wp-page" data-elementor-id="1277" class="elementor elementor-1277 elementor-1263" data-elementor-post-type="page">
				<div class="elementor-element elementor-element-6ac23ac e-flex e-con-boxed e-con e-parent" data-id="6ac23ac" data-element_type="container" data-e-type="container">
					<div class="e-con-inner">
		<div class="elementor-element elementor-element-da85492 e-con-full e-flex e-con e-child" data-id="da85492" data-element_type="container" data-e-type="container">
				<div class="elementor-element elementor-element-4838f62 elementor-widget elementor-widget-image" data-id="4838f62" data-element_type="widget" data-e-type="widget" data-settings="{&quot;sticky&quot;:&quot;top&quot;,&quot;sticky_on&quot;:[&quot;desktop&quot;],&quot;sticky_parent&quot;:&quot;yes&quot;,&quot;sticky_offset&quot;:0,&quot;sticky_effects_offset&quot;:0,&quot;sticky_anchor_link_offset&quot;:0}" data-widget_type="image.default">
															<img fetchpriority="high" decoding="async" width="732" height="1024" src="https://mosaicorefugees.org/wp-content/uploads/2019/12/locandina_2019-732x1024.jpg" class="attachment-large size-large wp-image-1267" alt="" srcset="https://mosaicorefugees.org/wp-content/uploads/2019/12/locandina_2019-732x1024.jpg 732w, https://mosaicorefugees.org/wp-content/uploads/2019/12/locandina_2019-215x300.jpg 215w, https://mosaicorefugees.org/wp-content/uploads/2019/12/locandina_2019-768x1074.jpg 768w, https://mosaicorefugees.org/wp-content/uploads/2019/12/locandina_2019-700x979.jpg 700w, https://mosaicorefugees.org/wp-content/uploads/2019/12/locandina_2019.jpg 1134w" sizes="(max-width: 732px) 100vw, 732px" />															</div>
				</div>
		<div class="elementor-element elementor-element-16e3033 e-con-full e-flex e-con e-child" data-id="16e3033" data-element_type="container" data-e-type="container">
				<div class="elementor-element elementor-element-b20e373 elementor-widget elementor-widget-heading" data-id="b20e373" data-element_type="widget" data-e-type="widget" data-widget_type="heading.default">
					<h2 class="elementor-heading-title elementor-size-default">Programme</h2>				</div>
				<div class="elementor-element elementor-element-d0d7b1f elementor-widget elementor-widget-text-editor" data-id="d0d7b1f" data-element_type="widget" data-e-type="widget" data-widget_type="text-editor.default">
									<p><strong>JEUDI 20 JUIN 2019 &#8211; 9h00</strong><br>MUSEO EGIZIO, Via Accademia delle Scienze, 6 &#8211; Turin</p><p>INSCRIPTION ET CAFÉ DE BIENVENUE</p><p><strong>SALUTATIONS INSTITUTIONALENALES</strong></p><p><strong>SESSION I : </strong>Inclusion des réfugiés, une perspective locale. Bonnes pratiques et défis en Italie du Nord [EN/IT]. </p><ul><li>Modérateur : Catherine Woollard, ECRE</li><li>Paolo Naso &#8211; Université La Sapienza de Rome</li><li>Chiara Marchetti &#8211; Université de Milan</li></ul><p> </p><p><strong>SESSION II : </strong>L&rsquo;inclusion des réfugiés, une perspective des bénéficiaires de la protection internationale. Table ronde de protagonistes réfugiés : </p><ul><li>Abdullahi Ahmed (Bridge Generation),</li><li>Tareke Brhane (Comité du 3 octobre),</li><li>Syed Hasnain (UNIRE),</li><li>Halah Alawlaqi (journaliste indépendante et militante des droits de l&rsquo;homme au Yémen).</li><li>Présentation de la campagne « Io Accolgo</li><li>Diego Montemagno (Non Solo Asilo Coordination)</li></ul><p> </p><p><strong>SESSION III &#8211; PROSPECTIVE EUROPEENNE : </strong>Inclusion des réfugiés en Europe et au-delà. Bonnes pratiques et défis [EN/IT]. </p><ul><li>Modérateur : Ana Vega, Senior</li><li>Officier de protection, HCR</li><li>Catherine Woollard &#8211; Secrétaire générale ECRE, Évaluation critique de la législation et des politiques de l&rsquo;UE dans le domaine de l&rsquo;inclusion des réfugiés</li><li>Desislava Ivanova &#8211; Chargée de mission, UNHCR RREUA, Priorités du HCR pour la protection et l&rsquo;intégration des réfugiés</li></ul><p>L&rsquo;accent est mis sur l&rsquo;intégration des réfugiés :</p><ul><li>Jesus Tolmo Garcia &#8211; Fondation CEPAIM, Perspective d&rsquo;un pays avec un grand nombre d&rsquo;arrivées : l&rsquo;Espagne</li><li>Safa Karatas &#8211; MUDEM, Perspective du plus grand pays cible : la Turquie.</li></ul><p> </p><p><strong>DÉJEUNER :</strong> DES RÉFUGIÉS DANS LA CUISINE</p><p><strong>FLASH MOB &lsquo;RIGHTS</strong> &lsquo; &#8211; Association Almaterra Turin</p><p><strong>ATELIERS</strong><br>Partager les bonnes pratiques [EN]<br><strong>Atelier 1 :</strong> Intégration : Accueil et accès au marché du travail et du logement<br>Coordinateur : Najib Obaid Babakherkhail &#8211; Conseil français pour les réfugiés (France)<br><strong>Atelier 2 :</strong> Inclusion : Innovation dans l&rsquo;inclusion sociale<br>Coordinateur : Neil Falzon &#8211; Fondation ADITUS (Malte)<br><strong>Atelier 3 :</strong> Participation : Empowerment et plaidoyer<br>Coordinateur : Paula Lopez Moreno &#8211; ACCEM (Espagne)</p><p><strong>CONCLUSIONS ET CLÔTURE DES TRAVAUX</strong><br>Yagoub Kibeida &#8211; Directeur exécutif MOSAICO &#8211; Actions pour les réfugiés<br>Massimo Gnone &#8211; Expert en intégration UNHCR</p><p><strong>ÉVÉNEMENT SOCIAL</strong><br>Maison du quartier San Salvario (Via Morgari, 14 &#8211; Turin)</p>								</div>
				</div>
					</div>
				</div>
				</div>

<p>Il ne s&rsquo;agit pas d&rsquo;un événement unique, mais d&rsquo;un vaste calendrier d&rsquo;initiatives dans toute la ville, impliquant des réfugiés, des citoyens, des institutions, des écoles, des universités, des organismes culturels et sociaux.</p>
