{"id":1857,"date":"2020-06-15T14:29:14","date_gmt":"2020-06-15T12:29:14","guid":{"rendered":"https:\/\/mosaicorefugees.org\/gmr_2020\/"},"modified":"2025-11-14T15:08:07","modified_gmt":"2025-11-14T14:08:07","slug":"gmr_2020","status":"publish","type":"page","link":"https:\/\/mosaicorefugees.org\/fr\/gmr_2020\/","title":{"rendered":"Journ\u00e9e mondiale du r\u00e9fugi\u00e9 2020"},"content":{"rendered":"\t\t<div data-elementor-type=\"wp-page\" data-elementor-id=\"1857\" class=\"elementor elementor-1857 elementor-1683\" data-elementor-post-type=\"page\">\n\t\t\t\t<div class=\"elementor-element elementor-element-d7d14d6 e-flex e-con-boxed e-con e-parent\" data-id=\"d7d14d6\" data-element_type=\"container\" data-e-type=\"container\">\n\t\t\t\t\t<div class=\"e-con-inner\">\n\t\t<div class=\"elementor-element elementor-element-83236dd e-con-full e-flex e-con e-child\" data-id=\"83236dd\" data-element_type=\"container\" data-e-type=\"container\">\n\t\t\t\t<div class=\"elementor-element elementor-element-e7242a5 elementor-widget elementor-widget-image\" data-id=\"e7242a5\" data-element_type=\"widget\" data-e-type=\"widget\" data-settings=\"{&quot;sticky&quot;:&quot;top&quot;,&quot;sticky_on&quot;:[&quot;desktop&quot;],&quot;sticky_parent&quot;:&quot;yes&quot;,&quot;sticky_offset&quot;:0,&quot;sticky_effects_offset&quot;:0,&quot;sticky_anchor_link_offset&quot;:0}\" data-widget_type=\"image.default\">\n\t\t\t\t\t\t\t\t\t\t\t\t\t\t\t<img fetchpriority=\"high\" decoding=\"async\" width=\"800\" height=\"404\" src=\"https:\/\/mosaicorefugees.org\/wp-content\/uploads\/2020\/06\/giornata_mondiale_rifugiati20_unhcr-1024x517.jpg\" class=\"attachment-large size-large wp-image-1690\" alt=\"\" srcset=\"https:\/\/mosaicorefugees.org\/wp-content\/uploads\/2020\/06\/giornata_mondiale_rifugiati20_unhcr-1024x517.jpg 1024w, https:\/\/mosaicorefugees.org\/wp-content\/uploads\/2020\/06\/giornata_mondiale_rifugiati20_unhcr-300x151.jpg 300w, https:\/\/mosaicorefugees.org\/wp-content\/uploads\/2020\/06\/giornata_mondiale_rifugiati20_unhcr-768x388.jpg 768w, https:\/\/mosaicorefugees.org\/wp-content\/uploads\/2020\/06\/giornata_mondiale_rifugiati20_unhcr-700x353.jpg 700w\" sizes=\"(max-width: 800px) 100vw, 800px\" \/>\t\t\t\t\t\t\t\t\t\t\t\t\t\t\t<\/div>\n\t\t\t\t<\/div>\n\t\t<div class=\"elementor-element elementor-element-33431c0 e-con-full e-flex e-con e-child\" data-id=\"33431c0\" data-element_type=\"container\" data-e-type=\"container\">\n\t\t\t\t<div class=\"elementor-element elementor-element-5c0fd02 elementor-widget elementor-widget-heading\" data-id=\"5c0fd02\" data-element_type=\"widget\" data-e-type=\"widget\" data-widget_type=\"heading.default\">\n\t\t\t\t\t<h2 class=\"elementor-heading-title elementor-size-default\">Programme<\/h2>\t\t\t\t<\/div>\n\t\t\t\t<div class=\"elementor-element elementor-element-24792e9 elementor-widget elementor-widget-text-editor\" data-id=\"24792e9\" data-element_type=\"widget\" data-e-type=\"widget\" data-widget_type=\"text-editor.default\">\n\t\t\t\t\t\t\t\t\t<p><strong>Lundi 15 juin 2020<\/strong> &#8211; 18 heures<br><strong>Jeudi 18 juin 2020<\/strong> &#8211; 18 heures<br><strong>Mardi 23 juin 2020<\/strong> &#8211; 18 heures<br>diffusion en direct sur les canaux sociaux de Mosaico.<\/p><h2>Programme<\/h2><h4>Lundi 15 juin 2020<\/h4><p>de 18 heures \u00e0 19 heures.<br><strong>Un pas avec les r\u00e9fugi\u00e9s. Une fen\u00eatre ouverte sur les r\u00e9alit\u00e9s qui travaillent au plus pr\u00e8s des territoires, en d\u00e9veloppant des projets pour et avec les r\u00e9fugi\u00e9s. <\/strong><br><strong>Invit\u00e9s :<\/strong> Ilaria Caramia (Compagnia di San Paolo), Giovanna Castagna (Open Society Foundations), Virginia Antonini (Reale Group), Ruth Kiyindou (Mosaic &#8211; Actions for Refugees).<br><strong>Mod\u00e9rateur :<\/strong> Federica Vairo (Mosaic &#8211; Actions pour les r\u00e9fugi\u00e9s)<\/p><h4>Jeudi 18 juin 2020<\/h4><p>De 18 heures \u00e0 19 heures.<br><strong>Au-del\u00e0 de Covid-19 : Institutions et r\u00e9fugi\u00e9s pour la protection des populations les plus fragiles. Quelles sont les actions en place ? Quelles sont les perspectives d&rsquo;avenir ?  <\/strong><br><strong>Invit\u00e9s :<\/strong> Ana de Vega (Senior Protection Officer UNHCR), Catherine Woolhard (ECRE), Lorenzo Trucco (ASGI), Berthin Nzonza (Mosaic &#8211; Actions for Refugees).<br><strong>Mod\u00e9rateur :<\/strong> Michele Manocchi (Centre de recherche sur les migrations et les relations ethniques de l&rsquo;Universit\u00e9 Western \u00e0 London, Ontario &#8211; Canada)<\/p><h4>Mardi 23 juin 2020<\/h4><p>De 18h00 \u00e0 19h00<br><strong>R\u00e9seaux internationaux avec les r\u00e9fugi\u00e9s<\/strong><br><strong>Un aper\u00e7u des politiques europ\u00e9ennes et une discussion ouverte sur les meilleures pratiques visant \u00e0 renforcer la protection, l&rsquo;int\u00e9gration et la participation active des r\u00e9fugi\u00e9s.<\/strong><br><strong>Invit\u00e9s :<\/strong> UNHCR Bruxelles, Yonous Muhammadi (Directeur du GFR, Membre du Panel Consultatif de la Plateforme des Droits Fondamentaux \u00e0 FRA), Najib Obaid Babakerkhail (Fondateur et Directeur France Refugee Council), Yagoub Kibeida (Mosaic &#8211; Actions for Refugees).<br><strong>Mod\u00e9rateur :<\/strong> Ferruccio Pastore (FIERI)<\/p>\t\t\t\t\t\t\t\t<\/div>\n\t\t\t\t<\/div>\n\t\t\t\t\t<\/div>\n\t\t\t\t<\/div>\n\t\t\t\t<\/div>\n\t\t","protected":false},"excerpt":{"rendered":"<p>Il ne s&rsquo;agit pas d&rsquo;un \u00e9v\u00e9nement unique, mais d&rsquo;un vaste calendrier d&rsquo;initiatives dans toute la ville, impliquant des r\u00e9fugi\u00e9s, des citoyens, des institutions, des \u00e9coles, des universit\u00e9s, des organismes culturels et sociaux.<\/p>\n","protected":false},"author":1,"featured_media":0,"parent":0,"menu_order":0,"comment_status":"closed","ping_status":"closed","template":"","meta":{"footnotes":""},"class_list":["post-1857","page","type-page","status-publish","hentry"],"_links":{"self":[{"href":"https:\/\/mosaicorefugees.org\/fr\/wp-json\/wp\/v2\/pages\/1857","targetHints":{"allow":["GET"]}}],"collection":[{"href":"https:\/\/mosaicorefugees.org\/fr\/wp-json\/wp\/v2\/pages"}],"about":[{"href":"https:\/\/mosaicorefugees.org\/fr\/wp-json\/wp\/v2\/types\/page"}],"author":[{"embeddable":true,"href":"https:\/\/mosaicorefugees.org\/fr\/wp-json\/wp\/v2\/users\/1"}],"replies":[{"embeddable":true,"href":"https:\/\/mosaicorefugees.org\/fr\/wp-json\/wp\/v2\/comments?post=1857"}],"version-history":[{"count":10,"href":"https:\/\/mosaicorefugees.org\/fr\/wp-json\/wp\/v2\/pages\/1857\/revisions"}],"predecessor-version":[{"id":4297,"href":"https:\/\/mosaicorefugees.org\/fr\/wp-json\/wp\/v2\/pages\/1857\/revisions\/4297"}],"wp:attachment":[{"href":"https:\/\/mosaicorefugees.org\/fr\/wp-json\/wp\/v2\/media?parent=1857"}],"curies":[{"name":"wp","href":"https:\/\/api.w.org\/{rel}","templated":true}]}}

Journée mondiale du réfugié 2020

<div data-elementor-type="wp-page" data-elementor-id="1857" class="elementor elementor-1857 elementor-1683" data-elementor-post-type="page">
				<div class="elementor-element elementor-element-d7d14d6 e-flex e-con-boxed e-con e-parent" data-id="d7d14d6" data-element_type="container" data-e-type="container">
					<div class="e-con-inner">
		<div class="elementor-element elementor-element-83236dd e-con-full e-flex e-con e-child" data-id="83236dd" data-element_type="container" data-e-type="container">
				<div class="elementor-element elementor-element-e7242a5 elementor-widget elementor-widget-image" data-id="e7242a5" data-element_type="widget" data-e-type="widget" data-settings="{&quot;sticky&quot;:&quot;top&quot;,&quot;sticky_on&quot;:[&quot;desktop&quot;],&quot;sticky_parent&quot;:&quot;yes&quot;,&quot;sticky_offset&quot;:0,&quot;sticky_effects_offset&quot;:0,&quot;sticky_anchor_link_offset&quot;:0}" data-widget_type="image.default">
															<img fetchpriority="high" decoding="async" width="800" height="404" src="https://mosaicorefugees.org/wp-content/uploads/2020/06/giornata_mondiale_rifugiati20_unhcr-1024x517.jpg" class="attachment-large size-large wp-image-1690" alt="" srcset="https://mosaicorefugees.org/wp-content/uploads/2020/06/giornata_mondiale_rifugiati20_unhcr-1024x517.jpg 1024w, https://mosaicorefugees.org/wp-content/uploads/2020/06/giornata_mondiale_rifugiati20_unhcr-300x151.jpg 300w, https://mosaicorefugees.org/wp-content/uploads/2020/06/giornata_mondiale_rifugiati20_unhcr-768x388.jpg 768w, https://mosaicorefugees.org/wp-content/uploads/2020/06/giornata_mondiale_rifugiati20_unhcr-700x353.jpg 700w" sizes="(max-width: 800px) 100vw, 800px" />															</div>
				</div>
		<div class="elementor-element elementor-element-33431c0 e-con-full e-flex e-con e-child" data-id="33431c0" data-element_type="container" data-e-type="container">
				<div class="elementor-element elementor-element-5c0fd02 elementor-widget elementor-widget-heading" data-id="5c0fd02" data-element_type="widget" data-e-type="widget" data-widget_type="heading.default">
					<h2 class="elementor-heading-title elementor-size-default">Programme</h2>				</div>
				<div class="elementor-element elementor-element-24792e9 elementor-widget elementor-widget-text-editor" data-id="24792e9" data-element_type="widget" data-e-type="widget" data-widget_type="text-editor.default">
									<p><strong>Lundi 15 juin 2020</strong> &#8211; 18 heures<br><strong>Jeudi 18 juin 2020</strong> &#8211; 18 heures<br><strong>Mardi 23 juin 2020</strong> &#8211; 18 heures<br>diffusion en direct sur les canaux sociaux de Mosaico.</p><h2>Programme</h2><h4>Lundi 15 juin 2020</h4><p>de 18 heures à 19 heures.<br><strong>Un pas avec les réfugiés. Une fenêtre ouverte sur les réalités qui travaillent au plus près des territoires, en développant des projets pour et avec les réfugiés. </strong><br><strong>Invités :</strong> Ilaria Caramia (Compagnia di San Paolo), Giovanna Castagna (Open Society Foundations), Virginia Antonini (Reale Group), Ruth Kiyindou (Mosaic &#8211; Actions for Refugees).<br><strong>Modérateur :</strong> Federica Vairo (Mosaic &#8211; Actions pour les réfugiés)</p><h4>Jeudi 18 juin 2020</h4><p>De 18 heures à 19 heures.<br><strong>Au-delà de Covid-19 : Institutions et réfugiés pour la protection des populations les plus fragiles. Quelles sont les actions en place ? Quelles sont les perspectives d&rsquo;avenir ?  </strong><br><strong>Invités :</strong> Ana de Vega (Senior Protection Officer UNHCR), Catherine Woolhard (ECRE), Lorenzo Trucco (ASGI), Berthin Nzonza (Mosaic &#8211; Actions for Refugees).<br><strong>Modérateur :</strong> Michele Manocchi (Centre de recherche sur les migrations et les relations ethniques de l&rsquo;Université Western à London, Ontario &#8211; Canada)</p><h4>Mardi 23 juin 2020</h4><p>De 18h00 à 19h00<br><strong>Réseaux internationaux avec les réfugiés</strong><br><strong>Un aperçu des politiques européennes et une discussion ouverte sur les meilleures pratiques visant à renforcer la protection, l&rsquo;intégration et la participation active des réfugiés.</strong><br><strong>Invités :</strong> UNHCR Bruxelles, Yonous Muhammadi (Directeur du GFR, Membre du Panel Consultatif de la Plateforme des Droits Fondamentaux à FRA), Najib Obaid Babakerkhail (Fondateur et Directeur France Refugee Council), Yagoub Kibeida (Mosaic &#8211; Actions for Refugees).<br><strong>Modérateur :</strong> Ferruccio Pastore (FIERI)</p>								</div>
				</div>
					</div>
				</div>
				</div>

<p>Il ne s&rsquo;agit pas d&rsquo;un événement unique, mais d&rsquo;un vaste calendrier d&rsquo;initiatives dans toute la ville, impliquant des réfugiés, des citoyens, des institutions, des écoles, des universités, des organismes culturels et sociaux.</p>
