{"id":2157,"date":"2022-04-28T15:52:04","date_gmt":"2022-04-28T13:52:04","guid":{"rendered":"https:\/\/mosaicorefugees.org\/channel-of-solidarity\/"},"modified":"2025-11-14T15:08:07","modified_gmt":"2025-11-14T14:08:07","slug":"channels-of-solidarity","status":"publish","type":"page","link":"https:\/\/mosaicorefugees.org\/fr\/projets\/channels-of-solidarity\/","title":{"rendered":"Canaux de solidarit\u00e9"},"content":{"rendered":"\t\t<div data-elementor-type=\"wp-page\" data-elementor-id=\"2157\" class=\"elementor elementor-2157 elementor-2088\" data-elementor-post-type=\"page\">\n\t\t\t\t<div class=\"elementor-element elementor-element-414f2808 e-flex e-con-boxed e-con e-parent\" data-id=\"414f2808\" data-element_type=\"container\" data-e-type=\"container\">\n\t\t\t\t\t<div class=\"e-con-inner\">\n\t\t\t\t<div class=\"elementor-element elementor-element-96d33bf elementor-widget elementor-widget-text-editor\" data-id=\"96d33bf\" data-element_type=\"widget\" data-e-type=\"widget\" data-widget_type=\"text-editor.default\">\n\t\t\t\t\t\t\t\t\t<p>Le paysage politique et juridique italien en mati\u00e8re d&rsquo;immigration est devenu de plus en plus r\u00e9pressif au fil des ans, ce qui a entra\u00een\u00e9 une <strong>augmentation du nombre de sans-papiers en raison de lois restrictives<\/strong>.<\/p><div class=\"wpb_text_column wpb_content_element \"><div class=\"wpb_wrapper\"><p align=\"justify\">Les <strong>dispositions relatives aux permis de s\u00e9jour<\/strong> et \u00e0 la d\u00e9termination de l&rsquo;<strong>asile sont encore aggrav\u00e9es<\/strong> par la stagnation \u00e9conomique et sociale due \u00e0 la crise sanitaire, qui a entra\u00een\u00e9 une augmentation du nombre de migrants sans-abri pr\u00e9sentant des fragilit\u00e9s psychosociales.<\/p><\/div><\/div><div><div class=\"wpb_text_column wpb_content_element \"><div class=\"wpb_wrapper\"><p align=\"justify\">Pour ces raisons, Mosaico a con\u00e7u le <strong>projet Canaux de solidarit\u00e9<\/strong> qui, en collaboration avec l&rsquo;\u00e9quipe juridique de Kriol, vise \u00e0 cr\u00e9er une approche holistique pour offrir un <strong>soutien aux migrants qui se trouvent dans des conditions d&rsquo;extr\u00eame vuln\u00e9rabilit\u00e9<\/strong> et\/ou qui risquent d&rsquo;\u00eatre d\u00e9tenus.<\/p><\/div><\/div><div class=\"vc_empty_space\">Depuis 2020, l&rsquo;\u00e9quipe pluridisciplinaire, assist\u00e9e par des r\u00e9seaux civils et institutionnels, travaille \u00e0 la conception de parcours pour les migrants en risque d&rsquo;irr\u00e9gularit\u00e9, de marginalisation et\/ou de d\u00e9tention, en veillant \u00e0 ce qu&rsquo;ils soient \u00e9cout\u00e9s et participent consciemment \u00e0 la construction de leur avenir.<\/div><\/div>\t\t\t\t\t\t\t\t<\/div>\n\t\t\t\t<div class=\"elementor-element elementor-element-117aca9 elementor-widget elementor-widget-image\" data-id=\"117aca9\" data-element_type=\"widget\" data-e-type=\"widget\" data-widget_type=\"image.default\">\n\t\t\t\t\t\t\t\t\t\t\t\t\t\t\t<img fetchpriority=\"high\" decoding=\"async\" width=\"800\" height=\"800\" src=\"https:\/\/mosaicorefugees.org\/wp-content\/uploads\/2022\/04\/Logo-Channel-1024x1024.png\" class=\"attachment-large size-large wp-image-2105\" alt=\"\" srcset=\"https:\/\/mosaicorefugees.org\/wp-content\/uploads\/2022\/04\/Logo-Channel-1024x1024.png 1024w, https:\/\/mosaicorefugees.org\/wp-content\/uploads\/2022\/04\/Logo-Channel-300x300.png 300w, https:\/\/mosaicorefugees.org\/wp-content\/uploads\/2022\/04\/Logo-Channel-150x150.png 150w, https:\/\/mosaicorefugees.org\/wp-content\/uploads\/2022\/04\/Logo-Channel-768x768.png 768w, https:\/\/mosaicorefugees.org\/wp-content\/uploads\/2022\/04\/Logo-Channel-570x570.png 570w, https:\/\/mosaicorefugees.org\/wp-content\/uploads\/2022\/04\/Logo-Channel-500x500.png 500w, https:\/\/mosaicorefugees.org\/wp-content\/uploads\/2022\/04\/Logo-Channel-1000x1000.png 1000w, https:\/\/mosaicorefugees.org\/wp-content\/uploads\/2022\/04\/Logo-Channel-700x700.png 700w, https:\/\/mosaicorefugees.org\/wp-content\/uploads\/2022\/04\/Logo-Channel.png 1080w\" sizes=\"(max-width: 800px) 100vw, 800px\" \/>\t\t\t\t\t\t\t\t\t\t\t\t\t\t\t<\/div>\n\t\t\t\t\t<\/div>\n\t\t\t\t<\/div>\n\t\t<div class=\"elementor-element elementor-element-2652d7c e-flex e-con-boxed e-con e-parent\" data-id=\"2652d7c\" data-element_type=\"container\" data-e-type=\"container\">\n\t\t\t\t\t<div class=\"e-con-inner\">\n\t\t\t\t<div class=\"elementor-element elementor-element-ec6c07f elementor-widget elementor-widget-text-editor\" data-id=\"ec6c07f\" data-element_type=\"widget\" data-e-type=\"widget\" data-widget_type=\"text-editor.default\">\n\t\t\t\t\t\t\t\t\t<div class=\"wpb_text_column wpb_content_element \"><h3>\u00c9v\u00e9nement \u00ab\u00a0De Tunis \u00e0 Turin : \u00e0 la recherche de la libert\u00e9. Le paradoxe de la d\u00e9tention administrative\u00a0\u00bb.<\/h3><\/div><div class=\"wpb_text_column wpb_content_element \"><div class=\"wpb_wrapper\"><p><em>15 d\u00e9cembre 2021 &#8211; Cine-teatro Baretti Turin<\/em><\/p><p>Dans le cadre du projet Canaux de solidarit\u00e9 s&rsquo;est d\u00e9roul\u00e9e la journ\u00e9e du 15 d\u00e9cembre, organis\u00e9e par l&rsquo;<strong>Association du mus\u00e9e national du cin\u00e9ma, Mosaico Refugees et l&rsquo;Association d&rsquo;\u00e9tudes juridiques sur l&rsquo;immigration.<\/strong> La journ\u00e9e s&rsquo;est concentr\u00e9e sur la situation tunisienne, car c&rsquo;est de ce pays que provient, ces derni\u00e8res ann\u00e9es, le plus grand nombre de personnes d\u00e9tenues sans aucune infraction dans les CPR. <\/p><div class=\"wpb_text_column wpb_content_element \"><div class=\"wpb_wrapper\"><p align=\"justify\"><strong>Compte-rendu de la journ\u00e9e dans les journaux<\/strong><\/p><\/div><\/div><div class=\"wpb_text_column wpb_content_element \"><div class=\"wpb_wrapper\"><ul><li><a href=\"https:\/\/www.redattoresociale.it\/article\/notiziario\/migranti_da_tunisi_a_torino_giornata_di_riflessione_sul_paradosso_della_detenzione_amministrativa?fbclid=IwAR27PA6ES99dCWkMO8KFj5D1Yv3xsJcgLqjPeh_57CfcKh8SMCdCy1A-5lo%20\" target=\"_blank\" rel=\"noopener\">Migrants. \u00ab\u00a0De Tunis \u00e0 Turin\u00a0\u00bb : une journ\u00e9e de r\u00e9flexion sur le paradoxe de la d\u00e9tention administrative <\/a><\/li><\/ul><\/div><\/div><div class=\"wpb_text_column wpb_content_element \"><div class=\"wpb_wrapper\"><ul><li><a href=\"https:\/\/altreconomia.it\/la-falsa-retorica-della-tunisia-come-paese-sicuro-e-i-diritti-violati-di-chi-raggiunge-litalia\/\" target=\"_blank\" rel=\"noopener\">La fausse rh\u00e9torique de la Tunisie comme pays s\u00fbr et les droits viol\u00e9s des personnes qui atteignent l&rsquo;Italie<\/a><\/li><\/ul><\/div><\/div><div class=\"wpb_text_column wpb_content_element \"><div class=\"wpb_wrapper\"><ul><li><a href=\"https:\/\/www.ehabitat.it\/2021\/12\/18\/da-tunisi-a-torino-un-evento-per-riflettere-sulla-detenzione-amministrativa-nei-cpr\/\" target=\"_blank\" rel=\"noopener\">De Tunis \u00e0 Turin, un \u00e9v\u00e9nement pour r\u00e9fl\u00e9chir \u00e0 la d\u00e9tention administrative dans les RPC<\/a><\/li><\/ul><\/div><\/div><div class=\"wpb_text_column wpb_content_element \"><div class=\"wpb_wrapper\"><ul><li><a href=\"https:\/\/www.pressenza.com\/it\/2021\/12\/da-tunisi-a-torino-alla-ricerca-della-liberta\/\" target=\"_blank\" rel=\"noopener\">De Tunis \u00e0 Turin, en qu\u00eate de libert\u00e9<\/a><\/li><\/ul><\/div><\/div><div class=\"wpb_text_column wpb_content_element \"><div class=\"wpb_wrapper\"><ul><li><a href=\"https:\/\/ilmanifesto.it\/benzine-i-sogni-di-migrazione-e-la-ferocia-detentiva-dei-cpr?goal=0_1006d401fe-3a3a9feea1-184812319&amp;mc_cid=3a3a9feea1&amp;mc_eid=748d142b3a\" target=\"_blank\" rel=\"noopener\">L&rsquo;essence, les r\u00eaves de migration et la f\u00e9rocit\u00e9 de la d\u00e9tention des CPR<\/a><\/li><\/ul><\/div><\/div><\/div><\/div>\t\t\t\t\t\t\t\t<\/div>\n\t\t<div class=\"elementor-element elementor-element-e93603e e-con-full e-flex e-con e-child\" data-id=\"e93603e\" data-element_type=\"container\" data-e-type=\"container\">\n\t\t\t\t<div class=\"elementor-element elementor-element-fa777a1 elementor-widget elementor-widget-button\" data-id=\"fa777a1\" data-element_type=\"widget\" data-e-type=\"widget\" data-widget_type=\"button.default\">\n\t\t\t\t\t\t\t\t\t\t<a class=\"elementor-button elementor-button-link elementor-size-sm\" href=\"https:\/\/drive.google.com\/drive\/folders\/1v4J8Iib76IroEAtqfGcTXhB_nfKsSO9a\" target=\"_blank\" rel=\"noopener\">\n\t\t\t\t\t\t<span class=\"elementor-button-content-wrapper\">\n\t\t\t\t\t\t\t\t\t<span class=\"elementor-button-text\">Vid\u00e9o de l'\u00e9v\u00e9nement<\/span>\n\t\t\t\t\t<\/span>\n\t\t\t\t\t<\/a>\n\t\t\t\t\t\t\t\t<\/div>\n\t\t\t\t<div class=\"elementor-element elementor-element-c721947 elementor-widget elementor-widget-button\" data-id=\"c721947\" data-element_type=\"widget\" data-e-type=\"widget\" data-widget_type=\"button.default\">\n\t\t\t\t\t\t\t\t\t\t<a class=\"elementor-button elementor-button-link elementor-size-sm\" href=\"https:\/\/mosaicorefugees.org\/wp-content\/uploads\/2022\/04\/Sintesi-panel-Ita.pdf\">\n\t\t\t\t\t\t<span class=\"elementor-button-content-wrapper\">\n\t\t\t\t\t\t\t\t\t<span class=\"elementor-button-text\">R\u00e9sum\u00e9s des rapports<\/span>\n\t\t\t\t\t<\/span>\n\t\t\t\t\t<\/a>\n\t\t\t\t\t\t\t\t<\/div>\n\t\t\t\t<\/div>\n\t\t\t\t\t<\/div>\n\t\t\t\t<\/div>\n\t\t\t\t<\/div>\n\t\t","protected":false},"excerpt":{"rendered":"<p>Le projet vise \u00e0 offrir, par une approche holistique, un soutien aux migrants qui se trouvent dans une situation extr\u00eamement vuln\u00e9rable et\/ou qui risquent d&rsquo;\u00eatre plac\u00e9s en d\u00e9tention.<\/p>\n","protected":false},"author":1,"featured_media":0,"parent":598,"menu_order":0,"comment_status":"closed","ping_status":"closed","template":"","meta":{"footnotes":""},"class_list":["post-2157","page","type-page","status-publish","hentry"],"_links":{"self":[{"href":"https:\/\/mosaicorefugees.org\/fr\/wp-json\/wp\/v2\/pages\/2157","targetHints":{"allow":["GET"]}}],"collection":[{"href":"https:\/\/mosaicorefugees.org\/fr\/wp-json\/wp\/v2\/pages"}],"about":[{"href":"https:\/\/mosaicorefugees.org\/fr\/wp-json\/wp\/v2\/types\/page"}],"author":[{"embeddable":true,"href":"https:\/\/mosaicorefugees.org\/fr\/wp-json\/wp\/v2\/users\/1"}],"replies":[{"embeddable":true,"href":"https:\/\/mosaicorefugees.org\/fr\/wp-json\/wp\/v2\/comments?post=2157"}],"version-history":[{"count":14,"href":"https:\/\/mosaicorefugees.org\/fr\/wp-json\/wp\/v2\/pages\/2157\/revisions"}],"predecessor-version":[{"id":4295,"href":"https:\/\/mosaicorefugees.org\/fr\/wp-json\/wp\/v2\/pages\/2157\/revisions\/4295"}],"up":[{"embeddable":true,"href":"https:\/\/mosaicorefugees.org\/fr\/wp-json\/wp\/v2\/pages\/598"}],"wp:attachment":[{"href":"https:\/\/mosaicorefugees.org\/fr\/wp-json\/wp\/v2\/media?parent=2157"}],"curies":[{"name":"wp","href":"https:\/\/api.w.org\/{rel}","templated":true}]}}

Canaux de solidarité

<div data-elementor-type="wp-page" data-elementor-id="2157" class="elementor elementor-2157 elementor-2088" data-elementor-post-type="page">
				<div class="elementor-element elementor-element-414f2808 e-flex e-con-boxed e-con e-parent" data-id="414f2808" data-element_type="container" data-e-type="container">
					<div class="e-con-inner">
				<div class="elementor-element elementor-element-96d33bf elementor-widget elementor-widget-text-editor" data-id="96d33bf" data-element_type="widget" data-e-type="widget" data-widget_type="text-editor.default">
									<p>Le paysage politique et juridique italien en matière d&rsquo;immigration est devenu de plus en plus répressif au fil des ans, ce qui a entraîné une <strong>augmentation du nombre de sans-papiers en raison de lois restrictives</strong>.</p><div class="wpb_text_column wpb_content_element "><div class="wpb_wrapper"><p align="justify">Les <strong>dispositions relatives aux permis de séjour</strong> et à la détermination de l&rsquo;<strong>asile sont encore aggravées</strong> par la stagnation économique et sociale due à la crise sanitaire, qui a entraîné une augmentation du nombre de migrants sans-abri présentant des fragilités psychosociales.</p></div></div><div><div class="wpb_text_column wpb_content_element "><div class="wpb_wrapper"><p align="justify">Pour ces raisons, Mosaico a conçu le <strong>projet Canaux de solidarité</strong> qui, en collaboration avec l&rsquo;équipe juridique de Kriol, vise à créer une approche holistique pour offrir un <strong>soutien aux migrants qui se trouvent dans des conditions d&rsquo;extrême vulnérabilité</strong> et/ou qui risquent d&rsquo;être détenus.</p></div></div><div class="vc_empty_space">Depuis 2020, l&rsquo;équipe pluridisciplinaire, assistée par des réseaux civils et institutionnels, travaille à la conception de parcours pour les migrants en risque d&rsquo;irrégularité, de marginalisation et/ou de détention, en veillant à ce qu&rsquo;ils soient écoutés et participent consciemment à la construction de leur avenir.</div></div>								</div>
				<div class="elementor-element elementor-element-117aca9 elementor-widget elementor-widget-image" data-id="117aca9" data-element_type="widget" data-e-type="widget" data-widget_type="image.default">
															<img fetchpriority="high" decoding="async" width="800" height="800" src="https://mosaicorefugees.org/wp-content/uploads/2022/04/Logo-Channel-1024x1024.png" class="attachment-large size-large wp-image-2105" alt="" srcset="https://mosaicorefugees.org/wp-content/uploads/2022/04/Logo-Channel-1024x1024.png 1024w, https://mosaicorefugees.org/wp-content/uploads/2022/04/Logo-Channel-300x300.png 300w, https://mosaicorefugees.org/wp-content/uploads/2022/04/Logo-Channel-150x150.png 150w, https://mosaicorefugees.org/wp-content/uploads/2022/04/Logo-Channel-768x768.png 768w, https://mosaicorefugees.org/wp-content/uploads/2022/04/Logo-Channel-570x570.png 570w, https://mosaicorefugees.org/wp-content/uploads/2022/04/Logo-Channel-500x500.png 500w, https://mosaicorefugees.org/wp-content/uploads/2022/04/Logo-Channel-1000x1000.png 1000w, https://mosaicorefugees.org/wp-content/uploads/2022/04/Logo-Channel-700x700.png 700w, https://mosaicorefugees.org/wp-content/uploads/2022/04/Logo-Channel.png 1080w" sizes="(max-width: 800px) 100vw, 800px" />															</div>
					</div>
				</div>
		<div class="elementor-element elementor-element-2652d7c e-flex e-con-boxed e-con e-parent" data-id="2652d7c" data-element_type="container" data-e-type="container">
					<div class="e-con-inner">
				<div class="elementor-element elementor-element-ec6c07f elementor-widget elementor-widget-text-editor" data-id="ec6c07f" data-element_type="widget" data-e-type="widget" data-widget_type="text-editor.default">
									<div class="wpb_text_column wpb_content_element "><h3>Événement « De Tunis à Turin : à la recherche de la liberté. Le paradoxe de la détention administrative ».</h3></div><div class="wpb_text_column wpb_content_element "><div class="wpb_wrapper"><p><em>15 décembre 2021 &#8211; Cine-teatro Baretti Turin</em></p><p>Dans le cadre du projet Canaux de solidarité s&rsquo;est déroulée la journée du 15 décembre, organisée par l&rsquo;<strong>Association du musée national du cinéma, Mosaico Refugees et l&rsquo;Association d&rsquo;études juridiques sur l&rsquo;immigration.</strong> La journée s&rsquo;est concentrée sur la situation tunisienne, car c&rsquo;est de ce pays que provient, ces dernières années, le plus grand nombre de personnes détenues sans aucune infraction dans les CPR. </p><div class="wpb_text_column wpb_content_element "><div class="wpb_wrapper"><p align="justify"><strong>Compte-rendu de la journée dans les journaux</strong></p></div></div><div class="wpb_text_column wpb_content_element "><div class="wpb_wrapper"><ul><li><a href="https://www.redattoresociale.it/article/notiziario/migranti_da_tunisi_a_torino_giornata_di_riflessione_sul_paradosso_della_detenzione_amministrativa?fbclid=IwAR27PA6ES99dCWkMO8KFj5D1Yv3xsJcgLqjPeh_57CfcKh8SMCdCy1A-5lo%20" target="_blank" rel="noopener">Migrants. « De Tunis à Turin » : une journée de réflexion sur le paradoxe de la détention administrative </a></li></ul></div></div><div class="wpb_text_column wpb_content_element "><div class="wpb_wrapper"><ul><li><a href="https://altreconomia.it/la-falsa-retorica-della-tunisia-come-paese-sicuro-e-i-diritti-violati-di-chi-raggiunge-litalia/" target="_blank" rel="noopener">La fausse rhétorique de la Tunisie comme pays sûr et les droits violés des personnes qui atteignent l&rsquo;Italie</a></li></ul></div></div><div class="wpb_text_column wpb_content_element "><div class="wpb_wrapper"><ul><li><a href="https://www.ehabitat.it/2021/12/18/da-tunisi-a-torino-un-evento-per-riflettere-sulla-detenzione-amministrativa-nei-cpr/" target="_blank" rel="noopener">De Tunis à Turin, un événement pour réfléchir à la détention administrative dans les RPC</a></li></ul></div></div><div class="wpb_text_column wpb_content_element "><div class="wpb_wrapper"><ul><li><a href="https://www.pressenza.com/it/2021/12/da-tunisi-a-torino-alla-ricerca-della-liberta/" target="_blank" rel="noopener">De Tunis à Turin, en quête de liberté</a></li></ul></div></div><div class="wpb_text_column wpb_content_element "><div class="wpb_wrapper"><ul><li><a href="https://ilmanifesto.it/benzine-i-sogni-di-migrazione-e-la-ferocia-detentiva-dei-cpr?goal=0_1006d401fe-3a3a9feea1-184812319&amp;mc_cid=3a3a9feea1&amp;mc_eid=748d142b3a" target="_blank" rel="noopener">L&rsquo;essence, les rêves de migration et la férocité de la détention des CPR</a></li></ul></div></div></div></div>								</div>
		<div class="elementor-element elementor-element-e93603e e-con-full e-flex e-con e-child" data-id="e93603e" data-element_type="container" data-e-type="container">
				<div class="elementor-element elementor-element-fa777a1 elementor-widget elementor-widget-button" data-id="fa777a1" data-element_type="widget" data-e-type="widget" data-widget_type="button.default">
										<a class="elementor-button elementor-button-link elementor-size-sm" href="https://drive.google.com/drive/folders/1v4J8Iib76IroEAtqfGcTXhB_nfKsSO9a" target="_blank" rel="noopener">
						<span class="elementor-button-content-wrapper">
									<span class="elementor-button-text">Vidéo de l'événement</span>
					</span>
					</a>
								</div>
				<div class="elementor-element elementor-element-c721947 elementor-widget elementor-widget-button" data-id="c721947" data-element_type="widget" data-e-type="widget" data-widget_type="button.default">
										<a class="elementor-button elementor-button-link elementor-size-sm" href="https://mosaicorefugees.org/wp-content/uploads/2022/04/Sintesi-panel-Ita.pdf">
						<span class="elementor-button-content-wrapper">
									<span class="elementor-button-text">Résumés des rapports</span>
					</span>
					</a>
								</div>
				</div>
					</div>
				</div>
				</div>

<p>Le projet vise à offrir, par une approche holistique, un soutien aux migrants qui se trouvent dans une situation extrêmement vulnérable et/ou qui risquent d&rsquo;être placés en détention.</p>
