{"id":3946,"date":"2024-11-19T17:33:53","date_gmt":"2024-11-19T16:33:53","guid":{"rendered":"https:\/\/mosaicorefugees.org\/projets\/je-ne-renonce-pas-a-mes-reves\/"},"modified":"2025-11-14T15:08:46","modified_gmt":"2025-11-14T14:08:46","slug":"je-ne-renonce-pas-a-mes-reves","status":"publish","type":"page","link":"https:\/\/mosaicorefugees.org\/fr\/projets\/je-ne-renonce-pas-a-mes-reves\/","title":{"rendered":"Je ne renonce pas \u00e0 mes r\u00eaves"},"content":{"rendered":"\t\t<div data-elementor-type=\"wp-page\" data-elementor-id=\"3946\" class=\"elementor elementor-3946 elementor-2705\" data-elementor-post-type=\"page\">\n\t\t\t\t<div class=\"elementor-element elementor-element-7cdecd2 e-flex e-con-boxed e-con e-parent\" data-id=\"7cdecd2\" data-element_type=\"container\" data-e-type=\"container\">\n\t\t\t\t\t<div class=\"e-con-inner\">\n\t\t<div class=\"elementor-element elementor-element-dd3219b e-con-full e-flex e-con e-child\" data-id=\"dd3219b\" data-element_type=\"container\" data-e-type=\"container\">\n\t\t\t\t<div class=\"elementor-element elementor-element-c8c0d09 elementor-widget elementor-widget-text-editor\" data-id=\"c8c0d09\" data-element_type=\"widget\" data-e-type=\"widget\" data-widget_type=\"text-editor.default\">\n\t\t\t\t\t\t\t\t\t<p><span style=\"font-weight: 400;\">Le projet a impliqu\u00e9 des artistes r\u00e9fugi\u00e9s et migrants, leur offrant la possibilit\u00e9 de s&rsquo;exprimer \u00e0 travers la peinture et la po\u00e9sie et de trouver une reconnaissance sur la sc\u00e8ne culturelle italienne. Le fil conducteur \u00e9tait la   <\/span><b>le r\u00eave<\/b><span style=\"font-weight: 400;\">entendu comme l&rsquo;imagination, le d\u00e9sir et la possibilit\u00e9 de l&rsquo;avenir.<\/span><\/p><p><span style=\"font-weight: 400;\">Les activit\u00e9s se sont d\u00e9roul\u00e9es en plusieurs \u00e9tapes : un concours d&rsquo;art, la s\u00e9lection des \u0153uvres par un jury mixte, une r\u00e9sidence de cr\u00e9ation \u00e0 Orsolina28 dirig\u00e9e par l&rsquo;artiste Val\u00e9rie Tameu, et enfin une <\/span><b>exposition publique<\/b><span style=\"font-weight: 400;\"> organis\u00e9e dans les locaux de Lavazza, pendant la Semaine internationale des droits, de l&rsquo;environnement et des cultures, \u00e0 l&rsquo;occasion de la <\/span><b>Journ\u00e9e mondiale des r\u00e9fugi\u00e9s<\/b><span style=\"font-weight: 400;\">.<\/span><\/p>\t\t\t\t\t\t\t\t<\/div>\n\t\t\t\t<\/div>\n\t\t<div class=\"elementor-element elementor-element-c430c80 e-con-full e-flex e-con e-child\" data-id=\"c430c80\" data-element_type=\"container\" data-e-type=\"container\">\n\t\t\t\t<div class=\"elementor-element elementor-element-9b1dcf5 elementor-widget elementor-widget-image\" data-id=\"9b1dcf5\" data-element_type=\"widget\" data-e-type=\"widget\" data-widget_type=\"image.default\">\n\t\t\t\t\t\t\t\t\t\t\t\t\t\t\t<img fetchpriority=\"high\" decoding=\"async\" width=\"800\" height=\"420\" src=\"https:\/\/mosaicorefugees.org\/wp-content\/uploads\/2024\/11\/crowfunding_artisti-1024x537.jpg\" class=\"attachment-large size-large wp-image-2751\" alt=\"\" srcset=\"https:\/\/mosaicorefugees.org\/wp-content\/uploads\/2024\/11\/crowfunding_artisti-1024x537.jpg 1024w, https:\/\/mosaicorefugees.org\/wp-content\/uploads\/2024\/11\/crowfunding_artisti-300x157.jpg 300w, https:\/\/mosaicorefugees.org\/wp-content\/uploads\/2024\/11\/crowfunding_artisti-768x403.jpg 768w, https:\/\/mosaicorefugees.org\/wp-content\/uploads\/2024\/11\/crowfunding_artisti-1536x806.jpg 1536w, https:\/\/mosaicorefugees.org\/wp-content\/uploads\/2024\/11\/crowfunding_artisti-700x367.jpg 700w, https:\/\/mosaicorefugees.org\/wp-content\/uploads\/2024\/11\/crowfunding_artisti.jpg 1772w\" sizes=\"(max-width: 800px) 100vw, 800px\" \/>\t\t\t\t\t\t\t\t\t\t\t\t\t\t\t<\/div>\n\t\t\t\t<\/div>\n\t\t\t\t\t<\/div>\n\t\t\t\t<\/div>\n\t\t<div class=\"elementor-element elementor-element-695795a e-flex e-con-boxed e-con e-parent\" data-id=\"695795a\" data-element_type=\"container\" data-e-type=\"container\">\n\t\t\t\t\t<div class=\"e-con-inner\">\n\t\t\t\t<div class=\"elementor-element elementor-element-9cb8193 elementor-widget elementor-widget-text-editor\" data-id=\"9cb8193\" data-element_type=\"widget\" data-e-type=\"widget\" data-widget_type=\"text-editor.default\">\n\t\t\t\t\t\t\t\t\t<h2>\u0152uvres, histoires et visions<\/h2><p><span style=\"font-weight: 400;\">Les <strong>\u0153uvres collectives et individuelles<\/strong> cr\u00e9\u00e9es ont permis au public d&rsquo;entrer en contact avec des histoires et des visions qui restent souvent <strong>invisibles<\/strong>. L&rsquo;exposition comprenait \u00e9galement les \u0153uvres de <strong>Ren\u00e9 Bokoul<\/strong>, un artiste congolais soutenu par Mosaico au cours de ses premi\u00e8res ann\u00e9es en Italie et aujourd&rsquo;hui actif au niveau international. <\/span><\/p><p><span style=\"font-weight: 400;\">Le projet a eu un <strong>double impact<\/strong>: pour les artistes r\u00e9fugi\u00e9s, qui ont pu se d\u00e9velopper professionnellement et gagner en visibilit\u00e9, et pour les citoyens, qui ont pu d\u00e9couvrir de nouvelles formes d&rsquo;expression et de rencontre \u00e0 travers l&rsquo;art.<\/span><\/p><h3>Donateur<\/h3><p><span style=\"font-weight: 400;\"><strong>Fondation<\/strong><strong>Lavazza<\/strong> en collaboration avec la <strong>Fondation d&rsquo;art Orsolina 28<\/strong><\/span><\/p>\t\t\t\t\t\t\t\t<\/div>\n\t\t\t\t<div class=\"elementor-element elementor-element-9327867 elementor-widget elementor-widget-video\" data-id=\"9327867\" data-element_type=\"widget\" data-e-type=\"widget\" data-settings=\"{&quot;video_type&quot;:&quot;vimeo&quot;}\" data-widget_type=\"video.default\">\n\t\t\t\t\t\t\t<div class=\"elementor-wrapper elementor-open-inline\">\n\t\t\t<iframe class=\"elementor-video-iframe\" allowfullscreen allow=\"clipboard-write\" title=\"Lecteur vid\u00e9o vimeo\" src=\"https:\/\/player.vimeo.com\/video\/1031479878?color&amp;autopause=0&amp;loop=0&amp;muted=0&amp;title=1&amp;portrait=1&amp;byline=1#t=\"><\/iframe>\t\t<\/div>\n\t\t\t\t\t\t<\/div>\n\t\t\t\t\t<\/div>\n\t\t\t\t<\/div>\n\t\t\t\t<\/div>\n\t\t","protected":false},"excerpt":{"rendered":"<p>Ai miei sogni non rinuncio \u00e9tait un projet culturel et artistique promu par Mosaico &#8211; Actions per i Rifugiati, avec le soutien de la Fondation Lavazza et en collaboration avec la Fondation d&rsquo;art Orsolina28.<\/p>\n","protected":false},"author":1,"featured_media":0,"parent":598,"menu_order":0,"comment_status":"closed","ping_status":"closed","template":"","meta":{"footnotes":""},"class_list":["post-3946","page","type-page","status-publish","hentry"],"_links":{"self":[{"href":"https:\/\/mosaicorefugees.org\/fr\/wp-json\/wp\/v2\/pages\/3946","targetHints":{"allow":["GET"]}}],"collection":[{"href":"https:\/\/mosaicorefugees.org\/fr\/wp-json\/wp\/v2\/pages"}],"about":[{"href":"https:\/\/mosaicorefugees.org\/fr\/wp-json\/wp\/v2\/types\/page"}],"author":[{"embeddable":true,"href":"https:\/\/mosaicorefugees.org\/fr\/wp-json\/wp\/v2\/users\/1"}],"replies":[{"embeddable":true,"href":"https:\/\/mosaicorefugees.org\/fr\/wp-json\/wp\/v2\/comments?post=3946"}],"version-history":[{"count":3,"href":"https:\/\/mosaicorefugees.org\/fr\/wp-json\/wp\/v2\/pages\/3946\/revisions"}],"predecessor-version":[{"id":4341,"href":"https:\/\/mosaicorefugees.org\/fr\/wp-json\/wp\/v2\/pages\/3946\/revisions\/4341"}],"up":[{"embeddable":true,"href":"https:\/\/mosaicorefugees.org\/fr\/wp-json\/wp\/v2\/pages\/598"}],"wp:attachment":[{"href":"https:\/\/mosaicorefugees.org\/fr\/wp-json\/wp\/v2\/media?parent=3946"}],"curies":[{"name":"wp","href":"https:\/\/api.w.org\/{rel}","templated":true}]}}

Je ne renonce pas à mes rêves

<div data-elementor-type="wp-page" data-elementor-id="3946" class="elementor elementor-3946 elementor-2705" data-elementor-post-type="page">
				<div class="elementor-element elementor-element-7cdecd2 e-flex e-con-boxed e-con e-parent" data-id="7cdecd2" data-element_type="container" data-e-type="container">
					<div class="e-con-inner">
		<div class="elementor-element elementor-element-dd3219b e-con-full e-flex e-con e-child" data-id="dd3219b" data-element_type="container" data-e-type="container">
				<div class="elementor-element elementor-element-c8c0d09 elementor-widget elementor-widget-text-editor" data-id="c8c0d09" data-element_type="widget" data-e-type="widget" data-widget_type="text-editor.default">
									<p><span style="font-weight: 400;">Le projet a impliqué des artistes réfugiés et migrants, leur offrant la possibilité de s&rsquo;exprimer à travers la peinture et la poésie et de trouver une reconnaissance sur la scène culturelle italienne. Le fil conducteur était la   </span><b>le rêve</b><span style="font-weight: 400;">entendu comme l&rsquo;imagination, le désir et la possibilité de l&rsquo;avenir.</span></p><p><span style="font-weight: 400;">Les activités se sont déroulées en plusieurs étapes : un concours d&rsquo;art, la sélection des œuvres par un jury mixte, une résidence de création à Orsolina28 dirigée par l&rsquo;artiste Valérie Tameu, et enfin une </span><b>exposition publique</b><span style="font-weight: 400;"> organisée dans les locaux de Lavazza, pendant la Semaine internationale des droits, de l&rsquo;environnement et des cultures, à l&rsquo;occasion de la </span><b>Journée mondiale des réfugiés</b><span style="font-weight: 400;">.</span></p>								</div>
				</div>
		<div class="elementor-element elementor-element-c430c80 e-con-full e-flex e-con e-child" data-id="c430c80" data-element_type="container" data-e-type="container">
				<div class="elementor-element elementor-element-9b1dcf5 elementor-widget elementor-widget-image" data-id="9b1dcf5" data-element_type="widget" data-e-type="widget" data-widget_type="image.default">
															<img fetchpriority="high" decoding="async" width="800" height="420" src="https://mosaicorefugees.org/wp-content/uploads/2024/11/crowfunding_artisti-1024x537.jpg" class="attachment-large size-large wp-image-2751" alt="" srcset="https://mosaicorefugees.org/wp-content/uploads/2024/11/crowfunding_artisti-1024x537.jpg 1024w, https://mosaicorefugees.org/wp-content/uploads/2024/11/crowfunding_artisti-300x157.jpg 300w, https://mosaicorefugees.org/wp-content/uploads/2024/11/crowfunding_artisti-768x403.jpg 768w, https://mosaicorefugees.org/wp-content/uploads/2024/11/crowfunding_artisti-1536x806.jpg 1536w, https://mosaicorefugees.org/wp-content/uploads/2024/11/crowfunding_artisti-700x367.jpg 700w, https://mosaicorefugees.org/wp-content/uploads/2024/11/crowfunding_artisti.jpg 1772w" sizes="(max-width: 800px) 100vw, 800px" />															</div>
				</div>
					</div>
				</div>
		<div class="elementor-element elementor-element-695795a e-flex e-con-boxed e-con e-parent" data-id="695795a" data-element_type="container" data-e-type="container">
					<div class="e-con-inner">
				<div class="elementor-element elementor-element-9cb8193 elementor-widget elementor-widget-text-editor" data-id="9cb8193" data-element_type="widget" data-e-type="widget" data-widget_type="text-editor.default">
									<h2>Œuvres, histoires et visions</h2><p><span style="font-weight: 400;">Les <strong>œuvres collectives et individuelles</strong> créées ont permis au public d&rsquo;entrer en contact avec des histoires et des visions qui restent souvent <strong>invisibles</strong>. L&rsquo;exposition comprenait également les œuvres de <strong>René Bokoul</strong>, un artiste congolais soutenu par Mosaico au cours de ses premières années en Italie et aujourd&rsquo;hui actif au niveau international. </span></p><p><span style="font-weight: 400;">Le projet a eu un <strong>double impact</strong>: pour les artistes réfugiés, qui ont pu se développer professionnellement et gagner en visibilité, et pour les citoyens, qui ont pu découvrir de nouvelles formes d&rsquo;expression et de rencontre à travers l&rsquo;art.</span></p><h3>Donateur</h3><p><span style="font-weight: 400;"><strong>Fondation</strong><strong>Lavazza</strong> en collaboration avec la <strong>Fondation d&rsquo;art Orsolina 28</strong></span></p>								</div>
				<div class="elementor-element elementor-element-9327867 elementor-widget elementor-widget-video" data-id="9327867" data-element_type="widget" data-e-type="widget" data-settings="{&quot;video_type&quot;:&quot;vimeo&quot;}" data-widget_type="video.default">
							<div class="elementor-wrapper elementor-open-inline">
			<iframe class="elementor-video-iframe" allowfullscreen allow="clipboard-write" title="Lecteur vidéo vimeo" src="https://player.vimeo.com/video/1031479878?color&amp;autopause=0&amp;loop=0&amp;muted=0&amp;title=1&amp;portrait=1&amp;byline=1#t="></iframe>		</div>
						</div>
					</div>
				</div>
				</div>

<p>Ai miei sogni non rinuncio était un projet culturel et artistique promu par Mosaico &#8211; Actions per i Rifugiati, avec le soutien de la Fondation Lavazza et en collaboration avec la Fondation d&rsquo;art Orsolina28.</p>
