{"id":3961,"date":"2023-06-06T16:13:56","date_gmt":"2023-06-06T14:13:56","guid":{"rendered":"https:\/\/mosaicorefugees.org\/journee-mondiale-du-refugie-2023\/"},"modified":"2025-11-03T15:13:38","modified_gmt":"2025-11-03T14:13:38","slug":"journee-mondiale-du-refugie-2023","status":"publish","type":"page","link":"https:\/\/mosaicorefugees.org\/fr\/journee-mondiale-du-refugie-2023\/","title":{"rendered":"Journ\u00e9e mondiale du r\u00e9fugi\u00e9 2023"},"content":{"rendered":"\t\t<div data-elementor-type=\"wp-page\" data-elementor-id=\"3961\" class=\"elementor elementor-3961 elementor-2409\" data-elementor-post-type=\"page\">\n\t\t\t\t<div class=\"elementor-element elementor-element-9d81a9d e-flex e-con-boxed e-con e-parent\" data-id=\"9d81a9d\" data-element_type=\"container\" data-e-type=\"container\">\n\t\t\t\t\t<div class=\"e-con-inner\">\n\t\t<div class=\"elementor-element elementor-element-f46fc52 e-con-full e-flex e-con e-child\" data-id=\"f46fc52\" data-element_type=\"container\" data-e-type=\"container\">\n\t\t\t\t<div class=\"elementor-element elementor-element-6ff6032 elementor-widget elementor-widget-image\" data-id=\"6ff6032\" data-element_type=\"widget\" data-e-type=\"widget\" data-settings=\"{&quot;sticky&quot;:&quot;top&quot;,&quot;sticky_on&quot;:[&quot;desktop&quot;],&quot;sticky_parent&quot;:&quot;yes&quot;,&quot;sticky_offset&quot;:0,&quot;sticky_effects_offset&quot;:0,&quot;sticky_anchor_link_offset&quot;:0}\" data-widget_type=\"image.default\">\n\t\t\t\t\t\t\t\t\t\t\t\t\t\t\t<img fetchpriority=\"high\" decoding=\"async\" width=\"736\" height=\"1024\" src=\"https:\/\/mosaicorefugees.org\/wp-content\/uploads\/2023\/06\/poster_mosaico_RIDOTTO-736x1024.jpg\" class=\"attachment-large size-large wp-image-2464\" alt=\"\" srcset=\"https:\/\/mosaicorefugees.org\/wp-content\/uploads\/2023\/06\/poster_mosaico_RIDOTTO-736x1024.jpg 736w, https:\/\/mosaicorefugees.org\/wp-content\/uploads\/2023\/06\/poster_mosaico_RIDOTTO-216x300.jpg 216w, https:\/\/mosaicorefugees.org\/wp-content\/uploads\/2023\/06\/poster_mosaico_RIDOTTO-768x1069.jpg 768w, https:\/\/mosaicorefugees.org\/wp-content\/uploads\/2023\/06\/poster_mosaico_RIDOTTO-1103x1536.jpg 1103w, https:\/\/mosaicorefugees.org\/wp-content\/uploads\/2023\/06\/poster_mosaico_RIDOTTO-1471x2048.jpg 1471w, https:\/\/mosaicorefugees.org\/wp-content\/uploads\/2023\/06\/poster_mosaico_RIDOTTO-700x974.jpg 700w, https:\/\/mosaicorefugees.org\/wp-content\/uploads\/2023\/06\/poster_mosaico_RIDOTTO-scaled.jpg 1839w\" sizes=\"(max-width: 736px) 100vw, 736px\" \/>\t\t\t\t\t\t\t\t\t\t\t\t\t\t\t<\/div>\n\t\t\t\t<\/div>\n\t\t<div class=\"elementor-element elementor-element-32a2cf1 e-con-full e-flex e-con e-child\" data-id=\"32a2cf1\" data-element_type=\"container\" data-e-type=\"container\">\n\t\t\t\t<div class=\"elementor-element elementor-element-3b585bb elementor-widget elementor-widget-heading\" data-id=\"3b585bb\" data-element_type=\"widget\" data-e-type=\"widget\" data-widget_type=\"heading.default\">\n\t\t\t\t\t<h2 class=\"elementor-heading-title elementor-size-default\">Programme<\/h2>\t\t\t\t<\/div>\n\t\t\t\t<div class=\"elementor-element elementor-element-bc8a2d4 elementor-widget elementor-widget-text-editor\" data-id=\"bc8a2d4\" data-element_type=\"widget\" data-e-type=\"widget\" data-widget_type=\"text-editor.default\">\n\t\t\t\t\t\t\t\t\t<h3>Jeudi 15 juin 2023<\/h3><p><em>Polo del &lsquo;900 Via del Carmine, 14 10122 Torino &#8211; 9 heures <\/em><strong>Conf\u00e9rence g\u00e9n\u00e9rale annuelle de l&rsquo;ECRE 2023, \u00ab\u00a0L&rsquo;Europe et le d\u00e9placement : qu&rsquo;est-ce qui fonctionne ?\u00a0\u00bb<\/strong><\/p><p><em><br>Casa del Quartiere, Via Morgari 14<\/em> &#8211; <em>19h30 &#8211; <\/em><strong>C\u00e9r\u00e9monie de remise des prix du concours<\/strong> \u00ab\u00a0Ai miei sogni non rinuncio\u00a0\u00bb (Je n&rsquo;abandonne pas mes r\u00eaves) avec comme invit\u00e9 l&rsquo;artiste contemporain de renomm\u00e9e internationale R\u00e9n\u00e9 Bokoul. Suivi d&rsquo;un <strong>d\u00eener social.<\/strong> <\/p><h3>Vendredi 16 juin 2023<\/h3><p><em>Tempio Valdese, C.so Vittorio Emanuele II, 23 10125 Torino &#8211; 9h00 \u00e0 14h00 &#8211; <\/em><strong>Inauguration de l&rsquo;exposition du peintre Ren\u00e9 Bokoul \u00ab\u00a0Turin : ma fen\u00eatre sur l&rsquo;Europe\u00a0\u00bb. <\/strong>Rencontres et d\u00e9bats au sein de l&rsquo;ECRE<\/p><p><em>Tempio Valdese, C.so Vittorio Emanuele II, 23 10125 Torino &#8211; 18-19 heures <\/em><strong>Vernissage d&rsquo;inauguration de l&rsquo;exposition \u00ab\u00a0Turin : ma fen\u00eatre sur l&rsquo;Europe\u00a0\u00bb.<\/strong><\/p><h3>Lundi 19 juin 2023<\/h3><p><em>Campus Luigi Einaudi, Lungo Dora 100 &#8211; 16h-18h30 &#8211; <\/em><strong>\u00ab\u00a0Ai miei sogni non rinuncio\u00a0\u00bb. <\/strong>Mod\u00e9rateur : <strong>Barbara Sorgoni<\/strong>, professeur associ\u00e9 au d\u00e9partement Culture, politique et soci\u00e9t\u00e9<\/p><p>Pr\u00e9sentation du livre<strong> \u00ab\u00a0Loin de la guerre folle\u00a0\u00bb<\/strong> en pr\u00e9sence de l&rsquo;auteur <strong>Alidad Shiri<\/strong><\/p><p>Suivi d&rsquo;une table ronde : Comparaison entre les laur\u00e9ats du concours <strong>\u00ab\u00a0Je n&rsquo;abandonne pas mes passions\u00a0\u00bb, l&rsquo;<\/strong>artiste peintre de renomm\u00e9e internationale <strong>R\u00e9n\u00e9 Bokoul<\/strong> et <strong>Corrado Cristiano<\/strong> (HCR).<\/p><h3>Mardi 20 juin 2023<\/h3><p><em>Sala Rossa del Comune di Torino, Piazza Palazzo di Citt\u00e0, 1, 10122 Torino TO &#8211; 11-12h30 &#8211; <\/em><strong>Comm\u00e9moration de la Journ\u00e9e mondiale du r\u00e9fugi\u00e9. <\/strong>Mod\u00e9rateur : <strong>Berthin Nzonza<\/strong>, Directeur de l&rsquo;Associazione Mosaico-Azioni per i Rifugiati. Intervenants :<\/p><ul><li><strong>Maria Grazia Grippo<\/strong>, pr\u00e9sidente du conseil municipal<\/li><li><strong>Jacopo Rosatelli<\/strong>, Conseiller pour les politiques sociales et l&rsquo;\u00e9galit\u00e9 des chances<\/li><li><strong>Abdullahi Ahmed Abdullahi<\/strong>, pr\u00e9sident de la commission du Conseil sp\u00e9cial pour la lutte contre l&rsquo;intol\u00e9rance, le racisme, l&rsquo;antis\u00e9mitisme et l&rsquo;incitation \u00e0 la haine et \u00e0 la violence<\/li><li><strong>Colette Nijasse Meffire<\/strong>, Pr\u00e9sidente Association Mosa\u00efque-Actions pour les R\u00e9fugi\u00e9s<\/li><li><strong>Marcello Rossoni<\/strong>, assistant principal de protection HCR<\/li><li>Voix et mots du monde : <strong>Abdalla Abdalla<\/strong>, <strong>Hamdi Ali Farah<\/strong>, <strong>Krishma Bibi Khaliq<\/strong>, <strong>Olga Diabina<\/strong>, <strong>Ahmed<\/strong> <strong>Baali <\/strong> <\/li><\/ul><p><em>Casa del Quartiere San Salvario, Via Morgari 14 &#8211; 16h-19h &#8211; <\/em><strong>\u00ab\u00a0L&rsquo;Europe en crise avec la valeur de la solidarit\u00e9 : la double voie des droits\u00a0\u00bb. <\/strong>Introduction : <strong>Colette Meffire<\/strong>, Pr\u00e9sidente de l&rsquo;Association Mosa\u00efque-Actions pour les R\u00e9fugi\u00e9s. Mod\u00e9rateur : <strong>Berthin Nzonza<\/strong>, Directeur de l&rsquo;Association Mosaico-Azioni per i Rifugiati.  Intervenants :<\/p><ul><li><strong>Massimo Gnone<\/strong>, HCR<\/li><li><strong>Lorenzo Trucco<\/strong>, ASGI<\/li><li><strong>Ferruccio Pastore<\/strong>, Fieri<\/li><li><strong>Barbara Sorgoni<\/strong>, professeur au d\u00e9partement Cultures, politiques et soci\u00e9t\u00e9<\/li><li><strong>Oumarou Lenglengue<\/strong>, Association Sotto il Baobab-Canelli<\/li><li><strong>Shagofa Barakzi<\/strong>, chercheur afghan<\/li><li><strong>Roberto Beneduce<\/strong>, professeur au d\u00e9partement Culture, politique et soci\u00e9t\u00e9<\/li><li><strong>Simona Taliani<\/strong>, professeur au d\u00e9partement Culture, politique et soci\u00e9t\u00e9<\/li><\/ul><p>Suivi d&rsquo;un verre social <strong>\u00ab\u00a0Feeling at Home\u00a0\u00bb.<\/strong><\/p>\t\t\t\t\t\t\t\t<\/div>\n\t\t\t\t<div class=\"elementor-element elementor-element-fe2701e elementor-widget elementor-widget-button\" data-id=\"fe2701e\" data-element_type=\"widget\" data-e-type=\"widget\" data-widget_type=\"button.default\">\n\t\t\t\t\t\t\t\t\t\t<a class=\"elementor-button elementor-button-link elementor-size-sm\" href=\"https:\/\/mosaicorefugees.org\/wp-content\/uploads\/2023\/06\/Comunicato-stampa-GMR-2023.pdf\">\n\t\t\t\t\t\t<span class=\"elementor-button-content-wrapper\">\n\t\t\t\t\t\t\t\t\t<span class=\"elementor-button-text\">Communiqu\u00e9 de presse<\/span>\n\t\t\t\t\t<\/span>\n\t\t\t\t\t<\/a>\n\t\t\t\t\t\t\t\t<\/div>\n\t\t\t\t<\/div>\n\t\t\t\t\t<\/div>\n\t\t\t\t<\/div>\n\t\t\t\t<\/div>\n\t\t","protected":false},"excerpt":{"rendered":"<p>Il ne s&rsquo;agit pas d&rsquo;un \u00e9v\u00e9nement unique, mais d&rsquo;un vaste calendrier d&rsquo;initiatives dans toute la ville, impliquant des r\u00e9fugi\u00e9s, des citoyens, des institutions, des \u00e9coles, des universit\u00e9s, des organismes culturels et sociaux.<\/p>\n","protected":false},"author":1,"featured_media":0,"parent":0,"menu_order":0,"comment_status":"closed","ping_status":"closed","template":"","meta":{"footnotes":""},"class_list":["post-3961","page","type-page","status-publish","hentry"],"_links":{"self":[{"href":"https:\/\/mosaicorefugees.org\/fr\/wp-json\/wp\/v2\/pages\/3961","targetHints":{"allow":["GET"]}}],"collection":[{"href":"https:\/\/mosaicorefugees.org\/fr\/wp-json\/wp\/v2\/pages"}],"about":[{"href":"https:\/\/mosaicorefugees.org\/fr\/wp-json\/wp\/v2\/types\/page"}],"author":[{"embeddable":true,"href":"https:\/\/mosaicorefugees.org\/fr\/wp-json\/wp\/v2\/users\/1"}],"replies":[{"embeddable":true,"href":"https:\/\/mosaicorefugees.org\/fr\/wp-json\/wp\/v2\/comments?post=3961"}],"version-history":[{"count":1,"href":"https:\/\/mosaicorefugees.org\/fr\/wp-json\/wp\/v2\/pages\/3961\/revisions"}],"predecessor-version":[{"id":3962,"href":"https:\/\/mosaicorefugees.org\/fr\/wp-json\/wp\/v2\/pages\/3961\/revisions\/3962"}],"wp:attachment":[{"href":"https:\/\/mosaicorefugees.org\/fr\/wp-json\/wp\/v2\/media?parent=3961"}],"curies":[{"name":"wp","href":"https:\/\/api.w.org\/{rel}","templated":true}]}}

Journée mondiale du réfugié 2023

<div data-elementor-type="wp-page" data-elementor-id="3961" class="elementor elementor-3961 elementor-2409" data-elementor-post-type="page">
				<div class="elementor-element elementor-element-9d81a9d e-flex e-con-boxed e-con e-parent" data-id="9d81a9d" data-element_type="container" data-e-type="container">
					<div class="e-con-inner">
		<div class="elementor-element elementor-element-f46fc52 e-con-full e-flex e-con e-child" data-id="f46fc52" data-element_type="container" data-e-type="container">
				<div class="elementor-element elementor-element-6ff6032 elementor-widget elementor-widget-image" data-id="6ff6032" data-element_type="widget" data-e-type="widget" data-settings="{&quot;sticky&quot;:&quot;top&quot;,&quot;sticky_on&quot;:[&quot;desktop&quot;],&quot;sticky_parent&quot;:&quot;yes&quot;,&quot;sticky_offset&quot;:0,&quot;sticky_effects_offset&quot;:0,&quot;sticky_anchor_link_offset&quot;:0}" data-widget_type="image.default">
															<img fetchpriority="high" decoding="async" width="736" height="1024" src="https://mosaicorefugees.org/wp-content/uploads/2023/06/poster_mosaico_RIDOTTO-736x1024.jpg" class="attachment-large size-large wp-image-2464" alt="" srcset="https://mosaicorefugees.org/wp-content/uploads/2023/06/poster_mosaico_RIDOTTO-736x1024.jpg 736w, https://mosaicorefugees.org/wp-content/uploads/2023/06/poster_mosaico_RIDOTTO-216x300.jpg 216w, https://mosaicorefugees.org/wp-content/uploads/2023/06/poster_mosaico_RIDOTTO-768x1069.jpg 768w, https://mosaicorefugees.org/wp-content/uploads/2023/06/poster_mosaico_RIDOTTO-1103x1536.jpg 1103w, https://mosaicorefugees.org/wp-content/uploads/2023/06/poster_mosaico_RIDOTTO-1471x2048.jpg 1471w, https://mosaicorefugees.org/wp-content/uploads/2023/06/poster_mosaico_RIDOTTO-700x974.jpg 700w, https://mosaicorefugees.org/wp-content/uploads/2023/06/poster_mosaico_RIDOTTO-scaled.jpg 1839w" sizes="(max-width: 736px) 100vw, 736px" />															</div>
				</div>
		<div class="elementor-element elementor-element-32a2cf1 e-con-full e-flex e-con e-child" data-id="32a2cf1" data-element_type="container" data-e-type="container">
				<div class="elementor-element elementor-element-3b585bb elementor-widget elementor-widget-heading" data-id="3b585bb" data-element_type="widget" data-e-type="widget" data-widget_type="heading.default">
					<h2 class="elementor-heading-title elementor-size-default">Programme</h2>				</div>
				<div class="elementor-element elementor-element-bc8a2d4 elementor-widget elementor-widget-text-editor" data-id="bc8a2d4" data-element_type="widget" data-e-type="widget" data-widget_type="text-editor.default">
									<h3>Jeudi 15 juin 2023</h3><p><em>Polo del &lsquo;900 Via del Carmine, 14 10122 Torino &#8211; 9 heures </em><strong>Conférence générale annuelle de l&rsquo;ECRE 2023, « L&rsquo;Europe et le déplacement : qu&rsquo;est-ce qui fonctionne ? »</strong></p><p><em><br>Casa del Quartiere, Via Morgari 14</em> &#8211; <em>19h30 &#8211; </em><strong>Cérémonie de remise des prix du concours</strong> « Ai miei sogni non rinuncio » (Je n&rsquo;abandonne pas mes rêves) avec comme invité l&rsquo;artiste contemporain de renommée internationale Réné Bokoul. Suivi d&rsquo;un <strong>dîner social.</strong> </p><h3>Vendredi 16 juin 2023</h3><p><em>Tempio Valdese, C.so Vittorio Emanuele II, 23 10125 Torino &#8211; 9h00 à 14h00 &#8211; </em><strong>Inauguration de l&rsquo;exposition du peintre René Bokoul « Turin : ma fenêtre sur l&rsquo;Europe ». </strong>Rencontres et débats au sein de l&rsquo;ECRE</p><p><em>Tempio Valdese, C.so Vittorio Emanuele II, 23 10125 Torino &#8211; 18-19 heures </em><strong>Vernissage d&rsquo;inauguration de l&rsquo;exposition « Turin : ma fenêtre sur l&rsquo;Europe ».</strong></p><h3>Lundi 19 juin 2023</h3><p><em>Campus Luigi Einaudi, Lungo Dora 100 &#8211; 16h-18h30 &#8211; </em><strong>« Ai miei sogni non rinuncio ». </strong>Modérateur : <strong>Barbara Sorgoni</strong>, professeur associé au département Culture, politique et société</p><p>Présentation du livre<strong> « Loin de la guerre folle »</strong> en présence de l&rsquo;auteur <strong>Alidad Shiri</strong></p><p>Suivi d&rsquo;une table ronde : Comparaison entre les lauréats du concours <strong>« Je n&rsquo;abandonne pas mes passions », l&rsquo;</strong>artiste peintre de renommée internationale <strong>Réné Bokoul</strong> et <strong>Corrado Cristiano</strong> (HCR).</p><h3>Mardi 20 juin 2023</h3><p><em>Sala Rossa del Comune di Torino, Piazza Palazzo di Città, 1, 10122 Torino TO &#8211; 11-12h30 &#8211; </em><strong>Commémoration de la Journée mondiale du réfugié. </strong>Modérateur : <strong>Berthin Nzonza</strong>, Directeur de l&rsquo;Associazione Mosaico-Azioni per i Rifugiati. Intervenants :</p><ul><li><strong>Maria Grazia Grippo</strong>, présidente du conseil municipal</li><li><strong>Jacopo Rosatelli</strong>, Conseiller pour les politiques sociales et l&rsquo;égalité des chances</li><li><strong>Abdullahi Ahmed Abdullahi</strong>, président de la commission du Conseil spécial pour la lutte contre l&rsquo;intolérance, le racisme, l&rsquo;antisémitisme et l&rsquo;incitation à la haine et à la violence</li><li><strong>Colette Nijasse Meffire</strong>, Présidente Association Mosaïque-Actions pour les Réfugiés</li><li><strong>Marcello Rossoni</strong>, assistant principal de protection HCR</li><li>Voix et mots du monde : <strong>Abdalla Abdalla</strong>, <strong>Hamdi Ali Farah</strong>, <strong>Krishma Bibi Khaliq</strong>, <strong>Olga Diabina</strong>, <strong>Ahmed</strong> <strong>Baali </strong> </li></ul><p><em>Casa del Quartiere San Salvario, Via Morgari 14 &#8211; 16h-19h &#8211; </em><strong>« L&rsquo;Europe en crise avec la valeur de la solidarité : la double voie des droits ». </strong>Introduction : <strong>Colette Meffire</strong>, Présidente de l&rsquo;Association Mosaïque-Actions pour les Réfugiés. Modérateur : <strong>Berthin Nzonza</strong>, Directeur de l&rsquo;Association Mosaico-Azioni per i Rifugiati.  Intervenants :</p><ul><li><strong>Massimo Gnone</strong>, HCR</li><li><strong>Lorenzo Trucco</strong>, ASGI</li><li><strong>Ferruccio Pastore</strong>, Fieri</li><li><strong>Barbara Sorgoni</strong>, professeur au département Cultures, politiques et société</li><li><strong>Oumarou Lenglengue</strong>, Association Sotto il Baobab-Canelli</li><li><strong>Shagofa Barakzi</strong>, chercheur afghan</li><li><strong>Roberto Beneduce</strong>, professeur au département Culture, politique et société</li><li><strong>Simona Taliani</strong>, professeur au département Culture, politique et société</li></ul><p>Suivi d&rsquo;un verre social <strong>« Feeling at Home ».</strong></p>								</div>
				<div class="elementor-element elementor-element-fe2701e elementor-widget elementor-widget-button" data-id="fe2701e" data-element_type="widget" data-e-type="widget" data-widget_type="button.default">
										<a class="elementor-button elementor-button-link elementor-size-sm" href="https://mosaicorefugees.org/wp-content/uploads/2023/06/Comunicato-stampa-GMR-2023.pdf">
						<span class="elementor-button-content-wrapper">
									<span class="elementor-button-text">Communiqué de presse</span>
					</span>
					</a>
								</div>
				</div>
					</div>
				</div>
				</div>

<p>Il ne s&rsquo;agit pas d&rsquo;un événement unique, mais d&rsquo;un vaste calendrier d&rsquo;initiatives dans toute la ville, impliquant des réfugiés, des citoyens, des institutions, des écoles, des universités, des organismes culturels et sociaux.</p>
