{"id":944,"date":"2019-12-02T15:54:55","date_gmt":"2019-12-02T14:54:55","guid":{"rendered":"https:\/\/mosaicorefugees.org\/journee-mondiale-des-refugies-2012\/"},"modified":"2025-11-03T15:09:10","modified_gmt":"2025-11-03T14:09:10","slug":"journee-mondiale-des-refugies-2012","status":"publish","type":"page","link":"https:\/\/mosaicorefugees.org\/fr\/journee-mondiale-des-refugies-2012\/","title":{"rendered":"Journ\u00e9e mondiale des r\u00e9fugi\u00e9s 2012"},"content":{"rendered":"\t\t<div data-elementor-type=\"wp-page\" data-elementor-id=\"944\" class=\"elementor elementor-944 elementor-785\" data-elementor-post-type=\"page\">\n\t\t\t\t<div class=\"elementor-element elementor-element-367dc3eb e-flex e-con-boxed e-con e-parent\" data-id=\"367dc3eb\" data-element_type=\"container\" data-e-type=\"container\">\n\t\t\t\t\t<div class=\"e-con-inner\">\n\t\t\t\t<div class=\"elementor-element elementor-element-9d8da0d elementor-widget elementor-widget-heading\" data-id=\"9d8da0d\" data-element_type=\"widget\" data-e-type=\"widget\" data-widget_type=\"heading.default\">\n\t\t\t\t\t<h2 class=\"elementor-heading-title elementor-size-default\">Programme<\/h2>\t\t\t\t<\/div>\n\t\t\t\t<div class=\"elementor-element elementor-element-f24eaa2 elementor-widget elementor-widget-text-editor\" data-id=\"f24eaa2\" data-element_type=\"widget\" data-e-type=\"widget\" data-widget_type=\"text-editor.default\">\n\t\t\t\t\t\t\t\t\t<p><strong>SAMEDI 23 JUIN 2012 &#8211; 9h30<\/strong><br><strong>Casa del Quartiere di San Salvario<\/strong><br>Via Morgari 14, Turin<\/p><h2>Atelier \u00ab\u00a0R\u00e9fugi\u00e9s &#8211; Chemins entre assistance et protagonisme<\/h2><p>Assistance et protagonisme comme deux p\u00f4les d&rsquo;un parcours complexe et non lin\u00e9aire qui sera explor\u00e9 au cours de la matin\u00e9e<br>\u00e0 travers l&rsquo;analyse d&rsquo;exp\u00e9riences de projets dans la r\u00e9gion du Pi\u00e9mont et la contribution d&rsquo;experts, d&rsquo;op\u00e9rateurs, de demandeurs d&rsquo;asile, de r\u00e9fugi\u00e9s et de d\u00e9tenteurs d&rsquo;une protection internationale.<\/p><ul><li>Introduction \u00e0 la Journ\u00e9e mondiale du r\u00e9fugi\u00e9 &#8211; Elena Ferretti (UNHCR)<\/li><li>L&rsquo;asile et l&rsquo;urgence nord-africaine : des droits et une autonomie bafou\u00e9s ? &#8211; Silvia Pescivolo (Amnesty International Pi\u00e9mont et Vall\u00e9e d&rsquo;Aoste) <\/li><li>Pr\u00e9sentation des projets Non Siamo Sole et Free Press avec des interventions d&rsquo;op\u00e9rateurs, de demandeurs d&rsquo;asile, de r\u00e9fugi\u00e9s et de personnes b\u00e9n\u00e9ficiant d&rsquo;une protection internationale.<\/li><li>The Residence Junction &#8211; Joli Ghibaudi (Non Solo Asilo Coordination)<\/li><li>Une place dans le monde &#8211; Roberto Beneduce, Roberto Bertolino, Simona Taliani (Ass. Frantz Fanon)<\/li><li>Le d\u00e9jeuner pour tous les participants suivra<\/li><\/ul><p>Mod\u00e9rateur de la matin\u00e9e : Berthin Nzonza (MOSAICO &#8211; Actions pour les r\u00e9fugi\u00e9s)<\/p>\t\t\t\t\t\t\t\t<\/div>\n\t\t\t\t<div class=\"elementor-element elementor-element-8c8ca78 elementor-widget elementor-widget-button\" data-id=\"8c8ca78\" data-element_type=\"widget\" data-e-type=\"widget\" data-widget_type=\"button.default\">\n\t\t\t\t\t\t\t\t\t\t<a class=\"elementor-button elementor-button-link elementor-size-sm\" href=\"https:\/\/mosaicorefugees.org\/wp-content\/uploads\/2019\/12\/GMR_2012_Locandina.pdf\">\n\t\t\t\t\t\t<span class=\"elementor-button-content-wrapper\">\n\t\t\t\t\t\t\t\t\t<span class=\"elementor-button-text\">LOCANDLINE 2012<\/span>\n\t\t\t\t\t<\/span>\n\t\t\t\t\t<\/a>\n\t\t\t\t\t\t\t\t<\/div>\n\t\t\t\t\t<\/div>\n\t\t\t\t<\/div>\n\t\t\t\t<\/div>\n\t\t","protected":false},"excerpt":{"rendered":"<p>Il ne s&rsquo;agit pas d&rsquo;un \u00e9v\u00e9nement unique, mais d&rsquo;un vaste calendrier d&rsquo;initiatives dans toute la ville, impliquant des r\u00e9fugi\u00e9s, des citoyens, des institutions, des \u00e9coles, des universit\u00e9s, des organismes culturels et sociaux.<\/p>\n","protected":false},"author":1,"featured_media":0,"parent":0,"menu_order":0,"comment_status":"closed","ping_status":"closed","template":"","meta":{"footnotes":""},"class_list":["post-944","page","type-page","status-publish","hentry"],"_links":{"self":[{"href":"https:\/\/mosaicorefugees.org\/fr\/wp-json\/wp\/v2\/pages\/944","targetHints":{"allow":["GET"]}}],"collection":[{"href":"https:\/\/mosaicorefugees.org\/fr\/wp-json\/wp\/v2\/pages"}],"about":[{"href":"https:\/\/mosaicorefugees.org\/fr\/wp-json\/wp\/v2\/types\/page"}],"author":[{"embeddable":true,"href":"https:\/\/mosaicorefugees.org\/fr\/wp-json\/wp\/v2\/users\/1"}],"replies":[{"embeddable":true,"href":"https:\/\/mosaicorefugees.org\/fr\/wp-json\/wp\/v2\/comments?post=944"}],"version-history":[{"count":3,"href":"https:\/\/mosaicorefugees.org\/fr\/wp-json\/wp\/v2\/pages\/944\/revisions"}],"predecessor-version":[{"id":3896,"href":"https:\/\/mosaicorefugees.org\/fr\/wp-json\/wp\/v2\/pages\/944\/revisions\/3896"}],"wp:attachment":[{"href":"https:\/\/mosaicorefugees.org\/fr\/wp-json\/wp\/v2\/media?parent=944"}],"curies":[{"name":"wp","href":"https:\/\/api.w.org\/{rel}","templated":true}]}}

Journée mondiale des réfugiés 2012

<div data-elementor-type="wp-page" data-elementor-id="944" class="elementor elementor-944 elementor-785" data-elementor-post-type="page">
				<div class="elementor-element elementor-element-367dc3eb e-flex e-con-boxed e-con e-parent" data-id="367dc3eb" data-element_type="container" data-e-type="container">
					<div class="e-con-inner">
				<div class="elementor-element elementor-element-9d8da0d elementor-widget elementor-widget-heading" data-id="9d8da0d" data-element_type="widget" data-e-type="widget" data-widget_type="heading.default">
					<h2 class="elementor-heading-title elementor-size-default">Programme</h2>				</div>
				<div class="elementor-element elementor-element-f24eaa2 elementor-widget elementor-widget-text-editor" data-id="f24eaa2" data-element_type="widget" data-e-type="widget" data-widget_type="text-editor.default">
									<p><strong>SAMEDI 23 JUIN 2012 &#8211; 9h30</strong><br><strong>Casa del Quartiere di San Salvario</strong><br>Via Morgari 14, Turin</p><h2>Atelier « Réfugiés &#8211; Chemins entre assistance et protagonisme</h2><p>Assistance et protagonisme comme deux pôles d&rsquo;un parcours complexe et non linéaire qui sera exploré au cours de la matinée<br>à travers l&rsquo;analyse d&rsquo;expériences de projets dans la région du Piémont et la contribution d&rsquo;experts, d&rsquo;opérateurs, de demandeurs d&rsquo;asile, de réfugiés et de détenteurs d&rsquo;une protection internationale.</p><ul><li>Introduction à la Journée mondiale du réfugié &#8211; Elena Ferretti (UNHCR)</li><li>L&rsquo;asile et l&rsquo;urgence nord-africaine : des droits et une autonomie bafoués ? &#8211; Silvia Pescivolo (Amnesty International Piémont et Vallée d&rsquo;Aoste) </li><li>Présentation des projets Non Siamo Sole et Free Press avec des interventions d&rsquo;opérateurs, de demandeurs d&rsquo;asile, de réfugiés et de personnes bénéficiant d&rsquo;une protection internationale.</li><li>The Residence Junction &#8211; Joli Ghibaudi (Non Solo Asilo Coordination)</li><li>Une place dans le monde &#8211; Roberto Beneduce, Roberto Bertolino, Simona Taliani (Ass. Frantz Fanon)</li><li>Le déjeuner pour tous les participants suivra</li></ul><p>Modérateur de la matinée : Berthin Nzonza (MOSAICO &#8211; Actions pour les réfugiés)</p>								</div>
				<div class="elementor-element elementor-element-8c8ca78 elementor-widget elementor-widget-button" data-id="8c8ca78" data-element_type="widget" data-e-type="widget" data-widget_type="button.default">
										<a class="elementor-button elementor-button-link elementor-size-sm" href="https://mosaicorefugees.org/wp-content/uploads/2019/12/GMR_2012_Locandina.pdf">
						<span class="elementor-button-content-wrapper">
									<span class="elementor-button-text">LOCANDLINE 2012</span>
					</span>
					</a>
								</div>
					</div>
				</div>
				</div>

<p>Il ne s&rsquo;agit pas d&rsquo;un événement unique, mais d&rsquo;un vaste calendrier d&rsquo;initiatives dans toute la ville, impliquant des réfugiés, des citoyens, des institutions, des écoles, des universités, des organismes culturels et sociaux.</p>
