{"id":950,"date":"2019-12-02T17:29:44","date_gmt":"2019-12-02T16:29:44","guid":{"rendered":"https:\/\/mosaicorefugees.org\/journee-mondiale-des-refugies-2015\/"},"modified":"2025-11-14T15:08:15","modified_gmt":"2025-11-14T14:08:15","slug":"journee-mondiale-des-refugies-2015","status":"publish","type":"page","link":"https:\/\/mosaicorefugees.org\/fr\/journee-mondiale-des-refugies-2015\/","title":{"rendered":"Journ\u00e9e mondiale des r\u00e9fugi\u00e9s 2015"},"content":{"rendered":"\t\t<div data-elementor-type=\"wp-page\" data-elementor-id=\"950\" class=\"elementor elementor-950 elementor-881\" data-elementor-post-type=\"page\">\n\t\t\t\t<div class=\"elementor-element elementor-element-1f44f1a e-flex e-con-boxed e-con e-parent\" data-id=\"1f44f1a\" data-element_type=\"container\" data-e-type=\"container\">\n\t\t\t\t\t<div class=\"e-con-inner\">\n\t\t\t\t<div class=\"elementor-element elementor-element-f0e5df3 elementor-widget elementor-widget-heading\" data-id=\"f0e5df3\" data-element_type=\"widget\" data-e-type=\"widget\" data-widget_type=\"heading.default\">\n\t\t\t\t\t<h2 class=\"elementor-heading-title elementor-size-default\">Programme<\/h2>\t\t\t\t<\/div>\n\t\t\t\t<div class=\"elementor-element elementor-element-0465c1a elementor-widget elementor-widget-text-editor\" data-id=\"0465c1a\" data-element_type=\"widget\" data-e-type=\"widget\" data-widget_type=\"text-editor.default\">\n\t\t\t\t\t\t\t\t\t<p><strong>SAMEDI 20 JUIN 2015 &#8211; 9h30<br><\/strong><strong>Casa del Quartiere di San Salvario<\/strong><br>Via Morgari 14, Turin<\/p><h3>Les d\u00e9cisions europ\u00e9ennes ne sont pas \u00e0 la hauteur<\/h3><p>Introducteur : Berthin Nzonza, Pr\u00e9sident de l&rsquo;Association Mosaico &#8211; Azioni Azioni per i Rifugiati<\/p><p>Intervenants :<br>Yagoub Kibeida : ECRE &#8211; Conseil europ\u00e9en pour les r\u00e9fugi\u00e9s,<br>Maurizio Veglio : ASGI &#8211; Association pour les \u00e9tudes juridiques sur l&rsquo;immigration<br>Patrick Konde : Coalition internationale des \u00ab\u00a0Sans Papier\u00a0\u00bb, migrants, r\u00e9fugi\u00e9s et demandeurs d&rsquo;asile<br>Suad Omar : Comit\u00e9 Hand in Hand contre le racisme<\/p><h2>Que se passe-t-il de l&rsquo;autre c\u00f4t\u00e9 de la mer ?<\/h2><p>Garnaoui Wael : Association Psychologues Solidaires, Tunisie. Projet G\u00e9n\u00e9rations perdues, Penser le soin dans les territoires frontaliers (Association Frantz Fanon, Fonds 8\u00d7100 de l&rsquo;Eglise vaudoise)<br>Mod\u00e9ratrice : Colette Meffire (MOSAICO &#8211; Actions pour les R\u00e9fugi\u00e9s) <\/p>\t\t\t\t\t\t\t\t<\/div>\n\t\t\t\t<div class=\"elementor-element elementor-element-4d2cd9f elementor-widget elementor-widget-button\" data-id=\"4d2cd9f\" data-element_type=\"widget\" data-e-type=\"widget\" data-widget_type=\"button.default\">\n\t\t\t\t\t\t\t\t\t\t<a class=\"elementor-button elementor-button-link elementor-size-sm\" href=\"https:\/\/mosaicorefugees.org\/wp-content\/uploads\/2019\/12\/20-giugno_2015.pdf\">\n\t\t\t\t\t\t<span class=\"elementor-button-content-wrapper\">\n\t\t\t\t\t\t\t\t\t<span class=\"elementor-button-text\">LOCANDLINE 2015<\/span>\n\t\t\t\t\t<\/span>\n\t\t\t\t\t<\/a>\n\t\t\t\t\t\t\t\t<\/div>\n\t\t\t\t\t<\/div>\n\t\t\t\t<\/div>\n\t\t\t\t<\/div>\n\t\t","protected":false},"excerpt":{"rendered":"<p>Il ne s&rsquo;agit pas d&rsquo;un \u00e9v\u00e9nement unique, mais d&rsquo;un vaste calendrier d&rsquo;initiatives dans toute la ville, impliquant des r\u00e9fugi\u00e9s, des citoyens, des institutions, des \u00e9coles, des universit\u00e9s, des organismes culturels et sociaux.<\/p>\n","protected":false},"author":1,"featured_media":0,"parent":0,"menu_order":0,"comment_status":"closed","ping_status":"closed","template":"","meta":{"footnotes":""},"class_list":["post-950","page","type-page","status-publish","hentry"],"_links":{"self":[{"href":"https:\/\/mosaicorefugees.org\/fr\/wp-json\/wp\/v2\/pages\/950","targetHints":{"allow":["GET"]}}],"collection":[{"href":"https:\/\/mosaicorefugees.org\/fr\/wp-json\/wp\/v2\/pages"}],"about":[{"href":"https:\/\/mosaicorefugees.org\/fr\/wp-json\/wp\/v2\/types\/page"}],"author":[{"embeddable":true,"href":"https:\/\/mosaicorefugees.org\/fr\/wp-json\/wp\/v2\/users\/1"}],"replies":[{"embeddable":true,"href":"https:\/\/mosaicorefugees.org\/fr\/wp-json\/wp\/v2\/comments?post=950"}],"version-history":[{"count":5,"href":"https:\/\/mosaicorefugees.org\/fr\/wp-json\/wp\/v2\/pages\/950\/revisions"}],"predecessor-version":[{"id":4321,"href":"https:\/\/mosaicorefugees.org\/fr\/wp-json\/wp\/v2\/pages\/950\/revisions\/4321"}],"wp:attachment":[{"href":"https:\/\/mosaicorefugees.org\/fr\/wp-json\/wp\/v2\/media?parent=950"}],"curies":[{"name":"wp","href":"https:\/\/api.w.org\/{rel}","templated":true}]}}

Journée mondiale des réfugiés 2015

<div data-elementor-type="wp-page" data-elementor-id="950" class="elementor elementor-950 elementor-881" data-elementor-post-type="page">
				<div class="elementor-element elementor-element-1f44f1a e-flex e-con-boxed e-con e-parent" data-id="1f44f1a" data-element_type="container" data-e-type="container">
					<div class="e-con-inner">
				<div class="elementor-element elementor-element-f0e5df3 elementor-widget elementor-widget-heading" data-id="f0e5df3" data-element_type="widget" data-e-type="widget" data-widget_type="heading.default">
					<h2 class="elementor-heading-title elementor-size-default">Programme</h2>				</div>
				<div class="elementor-element elementor-element-0465c1a elementor-widget elementor-widget-text-editor" data-id="0465c1a" data-element_type="widget" data-e-type="widget" data-widget_type="text-editor.default">
									<p><strong>SAMEDI 20 JUIN 2015 &#8211; 9h30<br></strong><strong>Casa del Quartiere di San Salvario</strong><br>Via Morgari 14, Turin</p><h3>Les décisions européennes ne sont pas à la hauteur</h3><p>Introducteur : Berthin Nzonza, Président de l&rsquo;Association Mosaico &#8211; Azioni Azioni per i Rifugiati</p><p>Intervenants :<br>Yagoub Kibeida : ECRE &#8211; Conseil européen pour les réfugiés,<br>Maurizio Veglio : ASGI &#8211; Association pour les études juridiques sur l&rsquo;immigration<br>Patrick Konde : Coalition internationale des « Sans Papier », migrants, réfugiés et demandeurs d&rsquo;asile<br>Suad Omar : Comité Hand in Hand contre le racisme</p><h2>Que se passe-t-il de l&rsquo;autre côté de la mer ?</h2><p>Garnaoui Wael : Association Psychologues Solidaires, Tunisie. Projet Générations perdues, Penser le soin dans les territoires frontaliers (Association Frantz Fanon, Fonds 8×100 de l&rsquo;Eglise vaudoise)<br>Modératrice : Colette Meffire (MOSAICO &#8211; Actions pour les Réfugiés) </p>								</div>
				<div class="elementor-element elementor-element-4d2cd9f elementor-widget elementor-widget-button" data-id="4d2cd9f" data-element_type="widget" data-e-type="widget" data-widget_type="button.default">
										<a class="elementor-button elementor-button-link elementor-size-sm" href="https://mosaicorefugees.org/wp-content/uploads/2019/12/20-giugno_2015.pdf">
						<span class="elementor-button-content-wrapper">
									<span class="elementor-button-text">LOCANDLINE 2015</span>
					</span>
					</a>
								</div>
					</div>
				</div>
				</div>

<p>Il ne s&rsquo;agit pas d&rsquo;un événement unique, mais d&rsquo;un vaste calendrier d&rsquo;initiatives dans toute la ville, impliquant des réfugiés, des citoyens, des institutions, des écoles, des universités, des organismes culturels et sociaux.</p>
