{"id":961,"date":"2019-12-02T17:50:02","date_gmt":"2019-12-02T16:50:02","guid":{"rendered":"https:\/\/mosaicorefugees.org\/journee-mondiale-des-refugies-2017\/"},"modified":"2025-11-03T15:09:03","modified_gmt":"2025-11-03T14:09:03","slug":"journee-mondiale-des-refugies-2017","status":"publish","type":"page","link":"https:\/\/mosaicorefugees.org\/fr\/journee-mondiale-des-refugies-2017\/","title":{"rendered":"Journ\u00e9e mondiale des r\u00e9fugi\u00e9s 2017"},"content":{"rendered":"\t\t<div data-elementor-type=\"wp-page\" data-elementor-id=\"961\" class=\"elementor elementor-961 elementor-891\" data-elementor-post-type=\"page\">\n\t\t\t\t<div class=\"elementor-element elementor-element-e37b8cf e-flex e-con-boxed e-con e-parent\" data-id=\"e37b8cf\" data-element_type=\"container\" data-e-type=\"container\">\n\t\t\t\t\t<div class=\"e-con-inner\">\n\t\t<div class=\"elementor-element elementor-element-71a6703 e-con-full e-flex e-con e-child\" data-id=\"71a6703\" data-element_type=\"container\" data-e-type=\"container\">\n\t\t\t\t<div class=\"elementor-element elementor-element-15165a8 elementor-widget elementor-widget-image\" data-id=\"15165a8\" data-element_type=\"widget\" data-e-type=\"widget\" data-settings=\"{&quot;sticky&quot;:&quot;top&quot;,&quot;sticky_on&quot;:[&quot;desktop&quot;],&quot;sticky_parent&quot;:&quot;yes&quot;,&quot;sticky_offset&quot;:0,&quot;sticky_effects_offset&quot;:0,&quot;sticky_anchor_link_offset&quot;:0}\" data-widget_type=\"image.default\">\n\t\t\t\t\t\t\t\t\t\t\t\t\t\t\t<img fetchpriority=\"high\" decoding=\"async\" width=\"800\" height=\"620\" src=\"https:\/\/mosaicorefugees.org\/wp-content\/uploads\/2025\/11\/Locandina-gmr-2017-1024x794.png\" class=\"attachment-large size-large wp-image-3666\" alt=\"\" srcset=\"https:\/\/mosaicorefugees.org\/wp-content\/uploads\/2025\/11\/Locandina-gmr-2017-1024x794.png 1024w, https:\/\/mosaicorefugees.org\/wp-content\/uploads\/2025\/11\/Locandina-gmr-2017-300x233.png 300w, https:\/\/mosaicorefugees.org\/wp-content\/uploads\/2025\/11\/Locandina-gmr-2017-768x595.png 768w, https:\/\/mosaicorefugees.org\/wp-content\/uploads\/2025\/11\/Locandina-gmr-2017-1536x1191.png 1536w, https:\/\/mosaicorefugees.org\/wp-content\/uploads\/2025\/11\/Locandina-gmr-2017-2048x1588.png 2048w\" sizes=\"(max-width: 800px) 100vw, 800px\" \/>\t\t\t\t\t\t\t\t\t\t\t\t\t\t\t<\/div>\n\t\t\t\t<\/div>\n\t\t<div class=\"elementor-element elementor-element-80e29cb e-con-full e-flex e-con e-child\" data-id=\"80e29cb\" data-element_type=\"container\" data-e-type=\"container\">\n\t\t\t\t<div class=\"elementor-element elementor-element-27137a3 elementor-widget elementor-widget-heading\" data-id=\"27137a3\" data-element_type=\"widget\" data-e-type=\"widget\" data-widget_type=\"heading.default\">\n\t\t\t\t\t<h2 class=\"elementor-heading-title elementor-size-default\">Programme<\/h2>\t\t\t\t<\/div>\n\t\t\t\t<div class=\"elementor-element elementor-element-2f60052 elementor-widget elementor-widget-text-editor\" data-id=\"2f60052\" data-element_type=\"widget\" data-e-type=\"widget\" data-widget_type=\"text-editor.default\">\n\t\t\t\t\t\t\t\t\t<h2>Ouvrez l&rsquo;Europe !<\/h2><p>15 &#8211; 25 JUIN 2017<br><strong>Casa del Quartiere San Salvario <br><\/strong>Via Morgari 14, Turin<\/p>\t\t\t\t\t\t\t\t<\/div>\n\t\t\t\t<\/div>\n\t\t\t\t\t<\/div>\n\t\t\t\t<\/div>\n\t\t\t\t<\/div>\n\t\t","protected":false},"excerpt":{"rendered":"<p>Il ne s&rsquo;agit pas d&rsquo;un \u00e9v\u00e9nement unique, mais d&rsquo;un vaste calendrier d&rsquo;initiatives dans toute la ville, impliquant des r\u00e9fugi\u00e9s, des citoyens, des institutions, des \u00e9coles, des universit\u00e9s, des organismes culturels et sociaux.<\/p>\n","protected":false},"author":1,"featured_media":0,"parent":0,"menu_order":0,"comment_status":"closed","ping_status":"closed","template":"","meta":{"footnotes":""},"class_list":["post-961","page","type-page","status-publish","hentry"],"_links":{"self":[{"href":"https:\/\/mosaicorefugees.org\/fr\/wp-json\/wp\/v2\/pages\/961","targetHints":{"allow":["GET"]}}],"collection":[{"href":"https:\/\/mosaicorefugees.org\/fr\/wp-json\/wp\/v2\/pages"}],"about":[{"href":"https:\/\/mosaicorefugees.org\/fr\/wp-json\/wp\/v2\/types\/page"}],"author":[{"embeddable":true,"href":"https:\/\/mosaicorefugees.org\/fr\/wp-json\/wp\/v2\/users\/1"}],"replies":[{"embeddable":true,"href":"https:\/\/mosaicorefugees.org\/fr\/wp-json\/wp\/v2\/comments?post=961"}],"version-history":[{"count":3,"href":"https:\/\/mosaicorefugees.org\/fr\/wp-json\/wp\/v2\/pages\/961\/revisions"}],"predecessor-version":[{"id":3874,"href":"https:\/\/mosaicorefugees.org\/fr\/wp-json\/wp\/v2\/pages\/961\/revisions\/3874"}],"wp:attachment":[{"href":"https:\/\/mosaicorefugees.org\/fr\/wp-json\/wp\/v2\/media?parent=961"}],"curies":[{"name":"wp","href":"https:\/\/api.w.org\/{rel}","templated":true}]}}

Journée mondiale des réfugiés 2017

<p>Il ne s&rsquo;agit pas d&rsquo;un événement unique, mais d&rsquo;un vaste calendrier d&rsquo;initiatives dans toute la ville, impliquant des réfugiés, des citoyens, des institutions, des écoles, des universités, des organismes culturels et sociaux.</p>
