{"id":979,"date":"2019-12-04T11:10:35","date_gmt":"2019-12-04T10:10:35","guid":{"rendered":"https:\/\/mosaicorefugees.org\/journee-mondiale-des-refugies-2018\/"},"modified":"2025-11-14T15:08:15","modified_gmt":"2025-11-14T14:08:15","slug":"journee-mondiale-des-refugies-2018","status":"publish","type":"page","link":"https:\/\/mosaicorefugees.org\/fr\/journee-mondiale-des-refugies-2018\/","title":{"rendered":"Journ\u00e9e mondiale des r\u00e9fugi\u00e9s 2018"},"content":{"rendered":"\t\t<div data-elementor-type=\"wp-page\" data-elementor-id=\"979\" class=\"elementor elementor-979 elementor-952\" data-elementor-post-type=\"page\">\n\t\t\t\t<div class=\"elementor-element elementor-element-a2234d1 e-flex e-con-boxed e-con e-parent\" data-id=\"a2234d1\" data-element_type=\"container\" data-e-type=\"container\">\n\t\t\t\t\t<div class=\"e-con-inner\">\n\t\t<div class=\"elementor-element elementor-element-7d5f5e5 e-con-full e-flex e-con e-child\" data-id=\"7d5f5e5\" data-element_type=\"container\" data-e-type=\"container\">\n\t\t\t\t<div class=\"elementor-element elementor-element-b08684f elementor-widget elementor-widget-image\" data-id=\"b08684f\" data-element_type=\"widget\" data-e-type=\"widget\" data-settings=\"{&quot;sticky&quot;:&quot;top&quot;,&quot;sticky_on&quot;:[&quot;desktop&quot;],&quot;sticky_parent&quot;:&quot;yes&quot;,&quot;sticky_offset&quot;:0,&quot;sticky_effects_offset&quot;:0,&quot;sticky_anchor_link_offset&quot;:0}\" data-widget_type=\"image.default\">\n\t\t\t\t\t\t\t\t\t\t\t\t\t\t\t<img fetchpriority=\"high\" decoding=\"async\" width=\"727\" height=\"1024\" src=\"https:\/\/mosaicorefugees.org\/wp-content\/uploads\/2019\/12\/poster-giornata-mondiale-rifugiati-2018-727x1024.jpg\" class=\"attachment-large size-large wp-image-958\" alt=\"\" srcset=\"https:\/\/mosaicorefugees.org\/wp-content\/uploads\/2019\/12\/poster-giornata-mondiale-rifugiati-2018-727x1024.jpg 727w, https:\/\/mosaicorefugees.org\/wp-content\/uploads\/2019\/12\/poster-giornata-mondiale-rifugiati-2018-213x300.jpg 213w, https:\/\/mosaicorefugees.org\/wp-content\/uploads\/2019\/12\/poster-giornata-mondiale-rifugiati-2018-768x1082.jpg 768w, https:\/\/mosaicorefugees.org\/wp-content\/uploads\/2019\/12\/poster-giornata-mondiale-rifugiati-2018-700x986.jpg 700w, https:\/\/mosaicorefugees.org\/wp-content\/uploads\/2019\/12\/poster-giornata-mondiale-rifugiati-2018.jpg 1205w\" sizes=\"(max-width: 727px) 100vw, 727px\" \/>\t\t\t\t\t\t\t\t\t\t\t\t\t\t\t<\/div>\n\t\t\t\t<\/div>\n\t\t<div class=\"elementor-element elementor-element-c339fdd e-con-full e-flex e-con e-child\" data-id=\"c339fdd\" data-element_type=\"container\" data-e-type=\"container\">\n\t\t\t\t<div class=\"elementor-element elementor-element-9348faa elementor-widget elementor-widget-heading\" data-id=\"9348faa\" data-element_type=\"widget\" data-e-type=\"widget\" data-widget_type=\"heading.default\">\n\t\t\t\t\t<h2 class=\"elementor-heading-title elementor-size-default\">Programme<\/h2>\t\t\t\t<\/div>\n\t\t\t\t<div class=\"elementor-element elementor-element-977fa3b elementor-widget elementor-widget-text-editor\" data-id=\"977fa3b\" data-element_type=\"widget\" data-e-type=\"widget\" data-widget_type=\"text-editor.default\">\n\t\t\t\t\t\t\t\t\t<p>MERCREDI 20 JUIN 2018 &#8211; 9H30<br><strong>UNIVERSIT\u00c9 DE TURIN &#8211; CAMPUS EINAUDI, SALLE 1<\/strong><\/p><p><strong>SALUTATIONS INSTITUTIONNELLES<\/strong><br>Renato Saccone &#8211; Pr\u00e9fet de Turin<br>Monica Cerutti &#8211; R\u00e9gion Pi\u00e9mont<br>Pr\u00e9sidents et introducteurs<br>Bertin Nznnza &#8211; Roberto Beneduce<\/p><p><strong>L&rsquo;exp\u00e9rience des couloirs humanitaires \u00e0 travers la vid\u00e9o \u00ab\u00a0Portami via\u00a0\u00bb de la r\u00e9alisatrice Marta Cosentino et le t\u00e9moignage de la pasteure Maria Bonafede de la F\u00e9d\u00e9ration des \u00e9glises \u00e9vang\u00e9liques d&rsquo;Italie.<\/strong><\/p><p><strong>LA FATIGUE DE L&rsquo;INT\u00c9GRATION<\/strong><br>Maurizio Ambrosini &#8211; Universit\u00e9 de Milan<\/p><p><strong>STRAT\u00c9GIES D&rsquo;INT\u00c9GRATION<\/strong><br>Paolo Naso &#8211; Universit\u00e9 La Sapienza de Rome<\/p><p><strong>O\u00d9 ET POURQUOI NOUS \u00c9CHAPPONS<\/strong><br>Nysymb Lascony &#8211; chercheur et cin\u00e9aste (France)<\/p><p><strong>DREAM OF STUDIARE<\/strong><br>Le projet UNI-EDU et UNRESST : une histoire d&rsquo;\u00e9tudiants r\u00e9fugi\u00e9s<br>Pr\u00e9sidents : Traor\u00e8 Nouhoum &#8211; Simona Taliani<\/p><p><strong>LES REFUGIES DANS LE MONDE ET LES ACTIVITES DU HCR DANS LE PIEDMONT<\/strong><br>Federica Toso et Massimo Gnone &#8211; UNHCR<\/p><p><strong>LE DROIT DE PARTICIPER :<\/strong> le plan d&rsquo;int\u00e9gration r\u00e9gionale est (aussi) le n\u00f4tre &#8211; avec des r\u00e9fugi\u00e9s du processus participatif du HCR en coop\u00e9ration avec Mosaico, Migr&rsquo;Action et le Centre d&rsquo;\u00e9tudes africaines<\/p><p><strong>LA COMPLEXIT\u00c9 DU SYST\u00c8ME DE SOINS<\/strong><br>avv. Maurizio Veglio<\/p><p><strong>LA PROMOTION DE L&rsquo;ENGAGEMENT DES REFUGIES PEUT STIMULER L&rsquo;INT\u00c9GRATION<\/strong><br>Catherine Woollard &#8211; ECRE (Bruxelles)<\/p><p><strong>TRAITE DE PERSONNES ET PASSAGES FRONTI\u00c8RES<\/strong><br>Gabriella E. Sanchez &#8211; Doctorat &#8211; Arizona State University<\/p><p><strong>BARDONECCHIA UNE AUTRE FRONTI\u00c8RE<\/strong><br>Francesco Avato &#8211; Maire de Baronecchia Roland Siewe &#8211; m\u00e9diateur culturel<\/p><p><strong>D\u00c9BAT<\/strong><\/p><p>BUFFET<\/p>\t\t\t\t\t\t\t\t<\/div>\n\t\t\t\t<\/div>\n\t\t\t\t\t<\/div>\n\t\t\t\t<\/div>\n\t\t\t\t<\/div>\n\t\t","protected":false},"excerpt":{"rendered":"<p>Il ne s&rsquo;agit pas d&rsquo;un \u00e9v\u00e9nement unique, mais d&rsquo;un vaste calendrier d&rsquo;initiatives dans toute la ville, impliquant des r\u00e9fugi\u00e9s, des citoyens, des institutions, des \u00e9coles, des universit\u00e9s, des organismes culturels et sociaux.<\/p>\n","protected":false},"author":1,"featured_media":0,"parent":0,"menu_order":0,"comment_status":"closed","ping_status":"closed","template":"","meta":{"footnotes":""},"class_list":["post-979","page","type-page","status-publish","hentry"],"_links":{"self":[{"href":"https:\/\/mosaicorefugees.org\/fr\/wp-json\/wp\/v2\/pages\/979","targetHints":{"allow":["GET"]}}],"collection":[{"href":"https:\/\/mosaicorefugees.org\/fr\/wp-json\/wp\/v2\/pages"}],"about":[{"href":"https:\/\/mosaicorefugees.org\/fr\/wp-json\/wp\/v2\/types\/page"}],"author":[{"embeddable":true,"href":"https:\/\/mosaicorefugees.org\/fr\/wp-json\/wp\/v2\/users\/1"}],"replies":[{"embeddable":true,"href":"https:\/\/mosaicorefugees.org\/fr\/wp-json\/wp\/v2\/comments?post=979"}],"version-history":[{"count":5,"href":"https:\/\/mosaicorefugees.org\/fr\/wp-json\/wp\/v2\/pages\/979\/revisions"}],"predecessor-version":[{"id":4309,"href":"https:\/\/mosaicorefugees.org\/fr\/wp-json\/wp\/v2\/pages\/979\/revisions\/4309"}],"wp:attachment":[{"href":"https:\/\/mosaicorefugees.org\/fr\/wp-json\/wp\/v2\/media?parent=979"}],"curies":[{"name":"wp","href":"https:\/\/api.w.org\/{rel}","templated":true}]}}

Journée mondiale des réfugiés 2018

<div data-elementor-type="wp-page" data-elementor-id="979" class="elementor elementor-979 elementor-952" data-elementor-post-type="page">
				<div class="elementor-element elementor-element-a2234d1 e-flex e-con-boxed e-con e-parent" data-id="a2234d1" data-element_type="container" data-e-type="container">
					<div class="e-con-inner">
		<div class="elementor-element elementor-element-7d5f5e5 e-con-full e-flex e-con e-child" data-id="7d5f5e5" data-element_type="container" data-e-type="container">
				<div class="elementor-element elementor-element-b08684f elementor-widget elementor-widget-image" data-id="b08684f" data-element_type="widget" data-e-type="widget" data-settings="{&quot;sticky&quot;:&quot;top&quot;,&quot;sticky_on&quot;:[&quot;desktop&quot;],&quot;sticky_parent&quot;:&quot;yes&quot;,&quot;sticky_offset&quot;:0,&quot;sticky_effects_offset&quot;:0,&quot;sticky_anchor_link_offset&quot;:0}" data-widget_type="image.default">
															<img fetchpriority="high" decoding="async" width="727" height="1024" src="https://mosaicorefugees.org/wp-content/uploads/2019/12/poster-giornata-mondiale-rifugiati-2018-727x1024.jpg" class="attachment-large size-large wp-image-958" alt="" srcset="https://mosaicorefugees.org/wp-content/uploads/2019/12/poster-giornata-mondiale-rifugiati-2018-727x1024.jpg 727w, https://mosaicorefugees.org/wp-content/uploads/2019/12/poster-giornata-mondiale-rifugiati-2018-213x300.jpg 213w, https://mosaicorefugees.org/wp-content/uploads/2019/12/poster-giornata-mondiale-rifugiati-2018-768x1082.jpg 768w, https://mosaicorefugees.org/wp-content/uploads/2019/12/poster-giornata-mondiale-rifugiati-2018-700x986.jpg 700w, https://mosaicorefugees.org/wp-content/uploads/2019/12/poster-giornata-mondiale-rifugiati-2018.jpg 1205w" sizes="(max-width: 727px) 100vw, 727px" />															</div>
				</div>
		<div class="elementor-element elementor-element-c339fdd e-con-full e-flex e-con e-child" data-id="c339fdd" data-element_type="container" data-e-type="container">
				<div class="elementor-element elementor-element-9348faa elementor-widget elementor-widget-heading" data-id="9348faa" data-element_type="widget" data-e-type="widget" data-widget_type="heading.default">
					<h2 class="elementor-heading-title elementor-size-default">Programme</h2>				</div>
				<div class="elementor-element elementor-element-977fa3b elementor-widget elementor-widget-text-editor" data-id="977fa3b" data-element_type="widget" data-e-type="widget" data-widget_type="text-editor.default">
									<p>MERCREDI 20 JUIN 2018 &#8211; 9H30<br><strong>UNIVERSITÉ DE TURIN &#8211; CAMPUS EINAUDI, SALLE 1</strong></p><p><strong>SALUTATIONS INSTITUTIONNELLES</strong><br>Renato Saccone &#8211; Préfet de Turin<br>Monica Cerutti &#8211; Région Piémont<br>Présidents et introducteurs<br>Bertin Nznnza &#8211; Roberto Beneduce</p><p><strong>L&rsquo;expérience des couloirs humanitaires à travers la vidéo « Portami via » de la réalisatrice Marta Cosentino et le témoignage de la pasteure Maria Bonafede de la Fédération des églises évangéliques d&rsquo;Italie.</strong></p><p><strong>LA FATIGUE DE L&rsquo;INTÉGRATION</strong><br>Maurizio Ambrosini &#8211; Université de Milan</p><p><strong>STRATÉGIES D&rsquo;INTÉGRATION</strong><br>Paolo Naso &#8211; Université La Sapienza de Rome</p><p><strong>OÙ ET POURQUOI NOUS ÉCHAPPONS</strong><br>Nysymb Lascony &#8211; chercheur et cinéaste (France)</p><p><strong>DREAM OF STUDIARE</strong><br>Le projet UNI-EDU et UNRESST : une histoire d&rsquo;étudiants réfugiés<br>Présidents : Traorè Nouhoum &#8211; Simona Taliani</p><p><strong>LES REFUGIES DANS LE MONDE ET LES ACTIVITES DU HCR DANS LE PIEDMONT</strong><br>Federica Toso et Massimo Gnone &#8211; UNHCR</p><p><strong>LE DROIT DE PARTICIPER :</strong> le plan d&rsquo;intégration régionale est (aussi) le nôtre &#8211; avec des réfugiés du processus participatif du HCR en coopération avec Mosaico, Migr&rsquo;Action et le Centre d&rsquo;études africaines</p><p><strong>LA COMPLEXITÉ DU SYSTÈME DE SOINS</strong><br>avv. Maurizio Veglio</p><p><strong>LA PROMOTION DE L&rsquo;ENGAGEMENT DES REFUGIES PEUT STIMULER L&rsquo;INTÉGRATION</strong><br>Catherine Woollard &#8211; ECRE (Bruxelles)</p><p><strong>TRAITE DE PERSONNES ET PASSAGES FRONTIÈRES</strong><br>Gabriella E. Sanchez &#8211; Doctorat &#8211; Arizona State University</p><p><strong>BARDONECCHIA UNE AUTRE FRONTIÈRE</strong><br>Francesco Avato &#8211; Maire de Baronecchia Roland Siewe &#8211; médiateur culturel</p><p><strong>DÉBAT</strong></p><p>BUFFET</p>								</div>
				</div>
					</div>
				</div>
				</div>

<p>Il ne s&rsquo;agit pas d&rsquo;un événement unique, mais d&rsquo;un vaste calendrier d&rsquo;initiatives dans toute la ville, impliquant des réfugiés, des citoyens, des institutions, des écoles, des universités, des organismes culturels et sociaux.</p>
